Last updated on 2025-05-01 14:49:11 CEST.
Flavor | Version | Tinstall | Tcheck | Ttotal | Status | Flags |
---|---|---|---|---|---|---|
r-devel-linux-x86_64-debian-clang | 2.1-3 | 2.03 | 31.24 | 33.27 | NOTE | |
r-devel-linux-x86_64-debian-gcc | 2.1-3 | 1.65 | 22.59 | 24.24 | OK | |
r-devel-linux-x86_64-fedora-clang | 2.1-3 | 55.26 | OK | |||
r-devel-linux-x86_64-fedora-gcc | 2.1-3 | 50.05 | OK | |||
r-devel-windows-x86_64 | 2.1-3 | 3.00 | 65.00 | 68.00 | OK | |
r-patched-linux-x86_64 | 2.1-3 | 2.02 | 30.08 | 32.10 | OK | |
r-release-linux-x86_64 | OK | |||||
r-release-macos-arm64 | 2.1-3 | 20.00 | OK | |||
r-release-macos-x86_64 | 2.1-3 | 38.00 | OK | |||
r-release-windows-x86_64 | 2.1-3 | 4.00 | 65.00 | 69.00 | OK | |
r-oldrel-macos-arm64 | 2.1-3 | 25.00 | OK | |||
r-oldrel-macos-x86_64 | 2.1-3 | 41.00 | OK | |||
r-oldrel-windows-x86_64 | 2.1-3 | 4.00 | 62.00 | 66.00 | OK |
Version: 2.1-3
Check: examples
Result: NOTE
Examples with CPU (user + system) or elapsed time > 5s
user system elapsed
dgeometric.test 6.358 0.007 7.72
Flavor: r-devel-linux-x86_64-debian-clang
These binaries (installable software) and packages are in development.
They may not be fully stable and should be used with caution. We make no claims about them.