Last updated on 2025-11-13 01:50:22 CET.
| Flavor | Version | Tinstall | Tcheck | Ttotal | Status | Flags |
|---|---|---|---|---|---|---|
| r-devel-linux-x86_64-debian-clang | 1.3 | 47.60 | 160.62 | 208.22 | OK | |
| r-devel-linux-x86_64-debian-gcc | 1.3 | 39.30 | 119.05 | 158.35 | OK | |
| r-devel-linux-x86_64-fedora-clang | 1.3 | 90.00 | 215.92 | 305.92 | OK | |
| r-devel-linux-x86_64-fedora-gcc | 1.3 | 95.00 | 220.60 | 315.60 | OK | |
| r-devel-windows-x86_64 | 1.3 | 46.00 | 149.00 | 195.00 | OK | |
| r-patched-linux-x86_64 | 1.3 | 45.79 | 150.04 | 195.83 | OK | |
| r-release-linux-x86_64 | 1.3 | 44.31 | 152.02 | 196.33 | OK | |
| r-release-macos-arm64 | 1.3 | 30.00 | 77.00 | 107.00 | OK | |
| r-release-macos-x86_64 | 1.3 | 53.00 | 136.00 | 189.00 | OK | |
| r-release-windows-x86_64 | 1.3 | 46.00 | 148.00 | 194.00 | OK | |
| r-oldrel-macos-arm64 | 1.3 | 32.00 | 76.00 | 108.00 | NOTE | |
| r-oldrel-macos-x86_64 | 1.3 | 52.00 | 142.00 | 194.00 | NOTE | |
| r-oldrel-windows-x86_64 | 1.3 | 60.00 | 192.00 | 252.00 | OK |
Version: 1.3
Check: installed package size
Result: NOTE
installed size is 5.1Mb
sub-directories of 1Mb or more:
data 4.2Mb
Flavors: r-oldrel-macos-arm64, r-oldrel-macos-x86_64
These binaries (installable software) and packages are in development.
They may not be fully stable and should be used with caution. We make no claims about them.