Last updated on 2025-05-01 14:49:11 CEST.
Flavor | Version | Tinstall | Tcheck | Ttotal | Status | Flags |
---|---|---|---|---|---|---|
r-devel-linux-x86_64-debian-clang | 1.2.1 | 18.81 | 502.92 | 521.73 | NOTE | |
r-devel-linux-x86_64-debian-gcc | 1.2.1 | 11.14 | 324.44 | 335.58 | OK | |
r-devel-linux-x86_64-fedora-clang | 1.2.1 | 825.89 | OK | |||
r-devel-linux-x86_64-fedora-gcc | 1.2.1 | 805.62 | OK | |||
r-devel-windows-x86_64 | 1.2.1 | 16.00 | 494.00 | 510.00 | OK | |
r-patched-linux-x86_64 | 1.2.1 | 16.13 | 477.92 | 494.05 | OK | |
r-release-linux-x86_64 | OK | |||||
r-release-macos-arm64 | 1.2.1 | 230.00 | OK | |||
r-release-macos-x86_64 | 1.2.1 | 436.00 | OK | |||
r-release-windows-x86_64 | 1.2.1 | 18.00 | 509.00 | 527.00 | OK | |
r-oldrel-macos-arm64 | 1.2.1 | 205.00 | OK | |||
r-oldrel-macos-x86_64 | 1.2.1 | 295.00 | OK | |||
r-oldrel-windows-x86_64 | 1.2.1 | 23.00 | 663.00 | 686.00 | OK |
Version: 1.2.1
Check: examples
Result: NOTE
Examples with CPU (user + system) or elapsed time > 5s
user system elapsed
CvMcens 7.681 0.066 8.556
ADcens 7.216 0.242 8.490
print.ADcens 6.306 0.000 7.527
print.CvMcens 6.305 0.000 6.915
print.chisqcens 6.246 0.027 7.397
KScens 5.651 0.021 6.237
print.KScens 5.046 0.000 6.056
Flavor: r-devel-linux-x86_64-debian-clang
Version: 1.2.1
Check: examples
Result: NA
user system elapsed
CvMcens 4.608 0.051 5.099
ADcens 4.357 0.031 5.168
print.ADcens 3.921 0.005 6.017
print.chisqcens 3.814 0.008 5.381
OK
Flavor: r-devel-linux-x86_64-debian-gcc
These binaries (installable software) and packages are in development.
They may not be fully stable and should be used with caution. We make no claims about them.