Last updated on 2025-02-16 12:53:36 CET.
Flavor | Version | Tinstall | Tcheck | Ttotal | Status | Flags |
---|---|---|---|---|---|---|
r-devel-linux-x86_64-debian-clang | 2.2.0 | 27.65 | 41.20 | 68.85 | NOTE | |
r-devel-linux-x86_64-debian-gcc | 2.2.0 | 16.86 | 30.59 | 47.45 | NOTE | |
r-devel-linux-x86_64-fedora-clang | 2.2.0 | 126.37 | NOTE | |||
r-devel-linux-x86_64-fedora-gcc | 2.2.0 | 106.81 | NOTE | |||
r-devel-macos-arm64 | 2.2.0 | 31.00 | NOTE | |||
r-devel-macos-x86_64 | 2.2.0 | 69.00 | NOTE | |||
r-devel-windows-x86_64 | 2.2.0 | 27.00 | 89.00 | 116.00 | NOTE | |
r-patched-linux-x86_64 | 2.2.0 | 21.80 | 38.05 | 59.85 | NOTE | |
r-release-linux-x86_64 | 2.2.0 | 22.94 | 38.22 | 61.16 | NOTE | |
r-release-macos-arm64 | 2.2.0 | 33.00 | NOTE | |||
r-release-macos-x86_64 | 2.2.0 | 51.00 | NOTE | |||
r-release-windows-x86_64 | 2.2.0 | 27.00 | 75.00 | 102.00 | NOTE | |
r-oldrel-macos-arm64 | 2.2.0 | 35.00 | NOTE | |||
r-oldrel-macos-x86_64 | 2.2.0 | 55.00 | NOTE | |||
r-oldrel-windows-x86_64 | 2.2.0 | 33.00 | 94.00 | 127.00 | NOTE |
Version: 2.2.0
Check: C++ specification
Result: NOTE
Specified C++11: please drop specification unless essential
Flavors: r-devel-linux-x86_64-debian-clang, r-devel-linux-x86_64-debian-gcc, r-devel-linux-x86_64-fedora-clang, r-devel-linux-x86_64-fedora-gcc, r-devel-macos-arm64, r-devel-macos-x86_64, r-devel-windows-x86_64, r-patched-linux-x86_64, r-release-linux-x86_64, r-release-macos-arm64, r-release-macos-x86_64, r-release-windows-x86_64, r-oldrel-macos-arm64, r-oldrel-macos-x86_64, r-oldrel-windows-x86_64
These binaries (installable software) and packages are in development.
They may not be fully stable and should be used with caution. We make no claims about them.