CRAN Package Check Results for Package GoodmanKruskal

Last updated on 2025-02-16 10:50:47 CET.

Flavor Version Tinstall Tcheck Ttotal Status Flags
r-devel-linux-x86_64-debian-clang 0.0.3 1.78 29.21 30.99 OK
r-devel-linux-x86_64-debian-gcc 0.0.3 1.52 23.85 25.37 OK
r-devel-linux-x86_64-fedora-clang 0.0.3 53.41 OK
r-devel-linux-x86_64-fedora-gcc 0.0.3 62.05 OK
r-devel-macos-arm64 0.0.3 31.00 OK
r-devel-macos-x86_64 0.0.3 43.00 OK
r-devel-windows-x86_64 0.0.3 3.00 53.00 56.00 OK
r-patched-linux-x86_64 0.0.3 1.82 28.13 29.95 NOTE
r-release-linux-x86_64 0.0.3 1.42 28.11 29.53 NOTE
r-release-macos-arm64 0.0.3 24.00 NOTE
r-release-macos-x86_64 0.0.3 35.00 NOTE
r-release-windows-x86_64 0.0.3 4.00 48.00 52.00 NOTE
r-oldrel-macos-arm64 0.0.3 26.00 NOTE
r-oldrel-macos-x86_64 0.0.3 35.00 NOTE
r-oldrel-windows-x86_64 0.0.3 4.00 70.00 74.00 NOTE

Check Details

Version: 0.0.3
Check: LazyData
Result: NOTE 'LazyData' is specified without a 'data' directory Flavors: r-patched-linux-x86_64, r-release-linux-x86_64, r-release-macos-arm64, r-release-macos-x86_64, r-release-windows-x86_64, r-oldrel-macos-arm64, r-oldrel-macos-x86_64, r-oldrel-windows-x86_64

These binaries (installable software) and packages are in development.
They may not be fully stable and should be used with caution. We make no claims about them.