Last updated on 2025-02-02 14:48:24 CET.
Flavor | Version | Tinstall | Tcheck | Ttotal | Status | Flags |
---|---|---|---|---|---|---|
r-devel-linux-x86_64-debian-clang | 0.5.1 | 52.68 | 74.95 | 127.63 | OK | |
r-devel-linux-x86_64-debian-gcc | 0.5.1 | 38.46 | 49.22 | 87.68 | OK | |
r-devel-linux-x86_64-fedora-clang | 0.5.1 | 205.20 | OK | |||
r-devel-linux-x86_64-fedora-gcc | 0.5.1 | 205.99 | OK | |||
r-devel-windows-x86_64 | 0.5.1 | 54.00 | 113.00 | 167.00 | OK | |
r-patched-linux-x86_64 | 0.5.1 | 57.53 | 59.35 | 116.88 | OK | |
r-release-linux-x86_64 | 0.5.1 | 55.53 | 56.14 | 111.67 | OK | |
r-release-macos-arm64 | 0.5.1 | 51.00 | NOTE | |||
r-release-macos-x86_64 | 0.5.1 | 132.00 | NOTE | |||
r-release-windows-x86_64 | 0.5.1 | 54.00 | 113.00 | 167.00 | OK | |
r-oldrel-macos-arm64 | 0.5.1 | 56.00 | NOTE | |||
r-oldrel-macos-x86_64 | 0.5.1 | 116.00 | NOTE | |||
r-oldrel-windows-x86_64 | 0.5.1 | 64.00 | 124.00 | 188.00 | OK |
Version: 0.5.1
Check: installed package size
Result: NOTE
installed size is 8.0Mb
sub-directories of 1Mb or more:
data 1.4Mb
libs 6.3Mb
Flavors: r-release-macos-arm64, r-release-macos-x86_64, r-oldrel-macos-arm64, r-oldrel-macos-x86_64
These binaries (installable software) and packages are in development.
They may not be fully stable and should be used with caution. We make no claims about them.