Last updated on 2025-11-11 15:50:35 CET.
| Flavor | Version | Tinstall | Tcheck | Ttotal | Status | Flags |
|---|---|---|---|---|---|---|
| r-devel-linux-x86_64-debian-clang | 0.5.1 | 52.95 | 74.88 | 127.83 | OK | |
| r-devel-linux-x86_64-debian-gcc | 0.5.1 | 36.50 | 56.22 | 92.72 | OK | |
| r-devel-linux-x86_64-fedora-clang | 0.5.1 | 99.00 | 96.87 | 195.87 | OK | |
| r-devel-linux-x86_64-fedora-gcc | 0.5.1 | 121.00 | 74.64 | 195.64 | OK | |
| r-devel-windows-x86_64 | 0.5.1 | 60.00 | 117.00 | 177.00 | OK | |
| r-patched-linux-x86_64 | 0.5.1 | 54.36 | 64.73 | 119.09 | OK | |
| r-release-linux-x86_64 | 0.5.1 | 55.16 | 59.71 | 114.87 | OK | |
| r-release-macos-arm64 | 0.5.1 | 22.00 | 31.00 | 53.00 | OK | |
| r-release-macos-x86_64 | 0.5.1 | 35.00 | 63.00 | 98.00 | OK | |
| r-release-windows-x86_64 | 0.5.1 | 59.00 | 112.00 | 171.00 | OK | |
| r-oldrel-macos-arm64 | 0.5.1 | 20.00 | 31.00 | 51.00 | NOTE | |
| r-oldrel-macos-x86_64 | 0.5.1 | 34.00 | 98.00 | 132.00 | NOTE | |
| r-oldrel-windows-x86_64 | 0.5.1 | 73.00 | 128.00 | 201.00 | OK |
Version: 0.5.1
Check: installed package size
Result: NOTE
installed size is 8.0Mb
sub-directories of 1Mb or more:
data 1.4Mb
libs 6.3Mb
Flavors: r-oldrel-macos-arm64, r-oldrel-macos-x86_64
These binaries (installable software) and packages are in development.
They may not be fully stable and should be used with caution. We make no claims about them.