Last updated on 2024-07-27 15:50:19 CEST.
Flavor | Version | Tinstall | Tcheck | Ttotal | Status | Flags |
---|---|---|---|---|---|---|
r-devel-linux-x86_64-debian-clang | 0.5.0 | 66.55 | 79.79 | 146.34 | NOTE | |
r-devel-linux-x86_64-debian-gcc | 0.5.0 | NOTE | ||||
r-devel-linux-x86_64-fedora-clang | 0.5.0 | 216.45 | NOTE | |||
r-devel-linux-x86_64-fedora-gcc | 0.5.0 | 207.32 | NOTE | |||
r-devel-windows-x86_64 | 0.5.0 | 54.00 | 115.00 | 169.00 | NOTE | |
r-patched-linux-x86_64 | 0.5.0 | NOTE | ||||
r-release-linux-x86_64 | 0.5.0 | 63.44 | 75.25 | 138.69 | NOTE | |
r-release-macos-arm64 | 0.5.0 | 48.00 | NOTE | |||
r-release-macos-x86_64 | 0.5.0 | 81.00 | NOTE | |||
r-release-windows-x86_64 | 0.5.0 | 60.00 | 111.00 | 171.00 | NOTE | |
r-oldrel-macos-arm64 | 0.5.0 | 69.00 | NOTE | |||
r-oldrel-macos-x86_64 | 0.5.0 | 144.00 | NOTE | |||
r-oldrel-windows-x86_64 | 0.5.0 | 64.00 | 125.00 | 189.00 | OK |
Version: 0.5.0
Check: HTML version of manual
Result: NOTE
Found the following HTML validation problems:
exponential_anisotropic3D_alt.html:70:1 (exponential_anisotropic3D_alt.Rd:34): Warning: trimming empty <h3>
Flavors: r-devel-linux-x86_64-debian-clang, r-devel-linux-x86_64-debian-gcc, r-devel-linux-x86_64-fedora-clang, r-devel-linux-x86_64-fedora-gcc, r-devel-windows-x86_64, r-patched-linux-x86_64, r-release-linux-x86_64, r-release-windows-x86_64
Version: 0.5.0
Check: installed package size
Result: NOTE
installed size is 7.9Mb
sub-directories of 1Mb or more:
data 1.4Mb
libs 6.1Mb
Flavors: r-release-macos-arm64, r-release-macos-x86_64, r-oldrel-macos-arm64, r-oldrel-macos-x86_64
These binaries (installable software) and packages are in development.
They may not be fully stable and should be used with caution. We make no claims about them.