CRAN Package Check Results for Package Grace

Last updated on 2025-10-25 05:50:03 CEST.

Flavor Version Tinstall Tcheck Ttotal Status Flags
r-devel-linux-x86_64-debian-clang 0.5.3 7.37 64.82 72.19 NOTE
r-devel-linux-x86_64-debian-gcc 0.5.3 4.97 49.25 54.22 NOTE
r-devel-linux-x86_64-fedora-clang 0.5.3 16.00 89.41 105.41 OK
r-devel-linux-x86_64-fedora-gcc 0.5.3 14.00 87.50 101.50 OK
r-devel-windows-x86_64 0.5.3 8.00 77.00 85.00 OK
r-patched-linux-x86_64 0.5.3 6.64 63.11 69.75 OK
r-release-linux-x86_64 0.5.3 6.59 62.18 68.77 OK
r-release-macos-arm64 0.5.3 3.00 34.00 37.00 OK
r-release-macos-x86_64 0.5.3 7.00 61.00 68.00 OK
r-release-windows-x86_64 0.5.3 8.00 78.00 86.00 OK
r-oldrel-macos-arm64 0.5.3 3.00 30.00 33.00 NOTE
r-oldrel-macos-x86_64 0.5.3 5.00 45.00 50.00 NOTE
r-oldrel-windows-x86_64 0.5.3 11.00 96.00 107.00 NOTE

Check Details

Version: 0.5.3
Check: CRAN incoming feasibility
Result: NOTE Maintainer: ‘Sen Zhao <sen-zhao@sen-zhao.com>’ No Authors@R field in DESCRIPTION. Please add one, modifying Authors@R: person(given = "Sen", family = "Zhao", role = c("aut", "cre"), email = "sen-zhao@sen-zhao.com") as necessary. Flavors: r-devel-linux-x86_64-debian-clang, r-devel-linux-x86_64-debian-gcc

Version: 0.5.3
Check: LazyData
Result: NOTE 'LazyData' is specified without a 'data' directory Flavors: r-oldrel-macos-arm64, r-oldrel-macos-x86_64, r-oldrel-windows-x86_64

These binaries (installable software) and packages are in development.
They may not be fully stable and should be used with caution. We make no claims about them.