Last updated on 2025-05-08 04:52:06 CEST.
Flavor | Version | Tinstall | Tcheck | Ttotal | Status | Flags |
---|---|---|---|---|---|---|
r-devel-linux-x86_64-debian-clang | 1.9-86-5 | 27.52 | 90.01 | 117.53 | NOTE | |
r-devel-linux-x86_64-debian-gcc | 1.9-86-5 | 19.28 | 65.33 | 84.61 | NOTE | |
r-devel-linux-x86_64-fedora-clang | 1.9-86-5 | 207.44 | OK | |||
r-devel-linux-x86_64-fedora-gcc | 1.9-86-5 | 189.52 | OK | |||
r-devel-windows-x86_64 | 1.9-86-5 | 18.00 | 79.00 | 97.00 | OK | |
r-patched-linux-x86_64 | 1.9-86-5 | 25.09 | 86.28 | 111.37 | OK | |
r-release-linux-x86_64 | 1.9-86-5 | 24.41 | 85.38 | 109.79 | OK | |
r-release-macos-arm64 | 1.9-86-5 | 105.00 | OK | |||
r-release-macos-x86_64 | 1.9-86-5 | 89.00 | OK | |||
r-release-windows-x86_64 | 1.9-86-5 | 19.00 | 78.00 | 97.00 | OK | |
r-oldrel-macos-arm64 | 1.9-86-5 | 76.00 | OK | |||
r-oldrel-macos-x86_64 | 1.9-86-5 | 90.00 | OK | |||
r-oldrel-windows-x86_64 | 1.9-86-5 | 16.00 | 79.00 | 95.00 | OK |
Version: 1.9-86-5
Check: CRAN incoming feasibility
Result: NOTE
Maintainer: ‘Maxime HERVE <maxime.herve@univ-rennes1.fr>’
No Authors@R field in DESCRIPTION.
Please add one, modifying
Authors@R: person(given = "Maxime",
family = "HERVE",
role = c("aut", "cre"),
email = "maxime.herve@univ-rennes1.fr")
as necessary.
Flavors: r-devel-linux-x86_64-debian-clang, r-devel-linux-x86_64-debian-gcc
These binaries (installable software) and packages are in development.
They may not be fully stable and should be used with caution. We make no claims about them.