CRAN Package Check Results for Package GrapheR

Last updated on 2025-07-01 15:49:50 CEST.

Flavor Version Tinstall Tcheck Ttotal Status Flags
r-devel-linux-x86_64-debian-clang 1.9-86-5 23.01 85.34 108.35 NOTE
r-devel-linux-x86_64-debian-gcc 1.9-86-5 16.23 66.86 83.09 NOTE
r-devel-linux-x86_64-fedora-clang 1.9-86-5 186.31 OK
r-devel-linux-x86_64-fedora-gcc 1.9-86-5 166.94 OK
r-devel-windows-x86_64 1.9-86-5 18.00 78.00 96.00 OK
r-patched-linux-x86_64 OK
r-release-linux-x86_64 1.9-86-5 26.04 85.83 111.87 OK
r-release-macos-arm64 1.9-86-5 105.00 OK
r-release-macos-x86_64 1.9-86-5 89.00 OK
r-release-windows-x86_64 1.9-86-5 19.00 78.00 97.00 OK
r-oldrel-macos-arm64 1.9-86-5 76.00 OK
r-oldrel-macos-x86_64 1.9-86-5 90.00 OK
r-oldrel-windows-x86_64 1.9-86-5 16.00 79.00 95.00 OK

Check Details

Version: 1.9-86-5
Check: CRAN incoming feasibility
Result: NOTE Maintainer: ‘Maxime HERVE <maxime.herve@univ-rennes1.fr>’ No Authors@R field in DESCRIPTION. Please add one, modifying Authors@R: person(given = "Maxime", family = "HERVE", role = c("aut", "cre"), email = "maxime.herve@univ-rennes1.fr") as necessary. Flavors: r-devel-linux-x86_64-debian-clang, r-devel-linux-x86_64-debian-gcc

These binaries (installable software) and packages are in development.
They may not be fully stable and should be used with caution. We make no claims about them.