Last updated on 2025-02-16 10:50:47 CET.
Flavor | Version | Tinstall | Tcheck | Ttotal | Status | Flags |
---|---|---|---|---|---|---|
r-devel-linux-x86_64-debian-clang | 2.0.2 | 20.57 | 195.31 | 215.88 | NOTE | |
r-devel-linux-x86_64-debian-gcc | 2.0.2 | 14.91 | 136.99 | 151.90 | NOTE | |
r-devel-linux-x86_64-fedora-clang | 2.0.2 | 348.91 | OK | |||
r-devel-linux-x86_64-fedora-gcc | 2.0.2 | 324.68 | OK | |||
r-devel-macos-arm64 | 2.0.2 | 100.00 | OK | |||
r-devel-macos-x86_64 | 2.0.2 | 175.00 | OK | |||
r-devel-windows-x86_64 | 2.0.2 | 17.00 | 184.00 | 201.00 | NOTE | |
r-patched-linux-x86_64 | 2.0.2 | 24.53 | 179.11 | 203.64 | OK | |
r-release-linux-x86_64 | 2.0.2 | 18.37 | 176.40 | 194.77 | OK | |
r-release-macos-arm64 | 2.0.2 | 93.00 | OK | |||
r-release-macos-x86_64 | 2.0.2 | 134.00 | OK | |||
r-release-windows-x86_64 | 2.0.2 | 19.00 | 189.00 | 208.00 | OK | |
r-oldrel-macos-arm64 | 2.0.2 | 99.00 | OK | |||
r-oldrel-macos-x86_64 | 2.0.2 | 229.00 | OK | |||
r-oldrel-windows-x86_64 | 2.0.2 | 27.00 | 229.00 | 256.00 | OK |
Version: 2.0.2
Check: Rd cross-references
Result: NOTE
Found the following Rd file(s) with Rd \link{} targets missing package
anchors:
caDescribeOpts.Rd: describeMean, describeFactors
prGetStatistics.Rd: describeMean, describeFactors
Please provide package anchors for all Rd \link{} targets not in the
package itself and the base packages.
Flavors: r-devel-linux-x86_64-debian-clang, r-devel-linux-x86_64-debian-gcc, r-devel-windows-x86_64
These binaries (installable software) and packages are in development.
They may not be fully stable and should be used with caution. We make no claims about them.