CRAN Package Check Results for Package Guerry

Last updated on 2025-05-01 17:56:05 CEST.

Flavor Version Tinstall Tcheck Ttotal Status Flags
r-devel-linux-x86_64-debian-clang 1.8.3 1.69 83.86 85.55 NOTE
r-devel-linux-x86_64-debian-gcc 1.8.3 1.28 63.12 64.40 NOTE
r-devel-linux-x86_64-fedora-clang 1.8.3 134.97 NOTE
r-devel-linux-x86_64-fedora-gcc 1.8.3 148.92 NOTE
r-devel-windows-x86_64 1.8.3 3.00 98.00 101.00 NOTE
r-patched-linux-x86_64 1.8.3 1.92 80.63 82.55 NOTE
r-release-linux-x86_64 NOTE
r-release-macos-arm64 1.8.3 48.00 NOTE
r-release-macos-x86_64 1.8.3 89.00 NOTE
r-release-windows-x86_64 1.8.3 4.00 99.00 103.00 NOTE
r-oldrel-macos-arm64 1.8.3 41.00 OK
r-oldrel-macos-x86_64 1.8.3 66.00 OK
r-oldrel-windows-x86_64 1.8.3 3.00 123.00 126.00 OK

Check Details

Version: 1.8.3
Check: DESCRIPTION meta-information
Result: NOTE Missing dependency on R >= 4.1.0 because package code uses the pipe |> or function shorthand \(...) syntax added in R 4.1.0. File(s) using such syntax: ‘gfrance85.Rd’ Flavors: r-devel-linux-x86_64-debian-clang, r-devel-linux-x86_64-debian-gcc, r-devel-linux-x86_64-fedora-clang, r-devel-linux-x86_64-fedora-gcc, r-devel-windows-x86_64, r-patched-linux-x86_64, r-release-linux-x86_64, r-release-macos-arm64, r-release-macos-x86_64, r-release-windows-x86_64

Version: 1.8.3
Check: examples
Result: NOTE Examples with CPU (user + system) or elapsed time > 5s user system elapsed Angeville 6.282 0.069 8.285 gfrance 4.046 0.008 6.116 Flavor: r-devel-linux-x86_64-debian-clang

These binaries (installable software) and packages are in development.
They may not be fully stable and should be used with caution. We make no claims about them.