Last updated on 2025-02-16 10:50:48 CET.
Flavor | Version | Tinstall | Tcheck | Ttotal | Status | Flags |
---|---|---|---|---|---|---|
r-devel-linux-x86_64-debian-clang | 1.0.6-1 | 20.93 | 45.03 | 65.96 | NOTE | |
r-devel-linux-x86_64-debian-gcc | 1.0.6-1 | 16.12 | 33.66 | 49.78 | NOTE | |
r-devel-linux-x86_64-fedora-clang | 1.0.6-1 | 124.21 | NOTE | |||
r-devel-linux-x86_64-fedora-gcc | 1.0.6-1 | 112.43 | NOTE | |||
r-devel-macos-arm64 | 1.0.6-1 | 35.00 | NOTE | |||
r-devel-macos-x86_64 | 1.0.6-1 | 61.00 | NOTE | |||
r-devel-windows-x86_64 | 1.0.6-1 | 25.00 | 86.00 | 111.00 | NOTE | |
r-patched-linux-x86_64 | 1.0.6-1 | 20.33 | 42.21 | 62.54 | NOTE | |
r-release-linux-x86_64 | 1.0.6-1 | 19.38 | 42.39 | 61.77 | NOTE | |
r-release-macos-arm64 | 1.0.6-1 | 41.00 | NOTE | |||
r-release-macos-x86_64 | 1.0.6-1 | 51.00 | NOTE | |||
r-release-windows-x86_64 | 1.0.6-1 | 27.00 | 86.00 | 113.00 | NOTE | |
r-oldrel-macos-arm64 | 1.0.6-1 | 40.00 | NOTE | |||
r-oldrel-macos-x86_64 | 1.0.6-1 | 60.00 | NOTE | |||
r-oldrel-windows-x86_64 | 1.0.6-1 | 31.00 | 102.00 | 133.00 | NOTE |
Version: 1.0.6-1
Check: C++ specification
Result: NOTE
Specified C++11: please drop specification unless essential
Flavors: r-devel-linux-x86_64-debian-clang, r-devel-linux-x86_64-debian-gcc, r-devel-linux-x86_64-fedora-clang, r-devel-linux-x86_64-fedora-gcc, r-devel-macos-arm64, r-devel-macos-x86_64, r-devel-windows-x86_64, r-patched-linux-x86_64, r-release-linux-x86_64, r-release-macos-arm64, r-release-macos-x86_64, r-release-windows-x86_64, r-oldrel-macos-arm64, r-oldrel-macos-x86_64, r-oldrel-windows-x86_64
Version: 1.0.6-1
Check: installed package size
Result: NOTE
installed size is 5.8Mb
sub-directories of 1Mb or more:
libs 1.5Mb
shiny 4.3Mb
Flavors: r-release-macos-arm64, r-release-macos-x86_64, r-release-windows-x86_64, r-oldrel-macos-arm64, r-oldrel-macos-x86_64, r-oldrel-windows-x86_64
These binaries (installable software) and packages are in development.
They may not be fully stable and should be used with caution. We make no claims about them.