CRAN Package Check Results for Package HBV.IANIGLA

Last updated on 2025-10-03 05:53:34 CEST.

Flavor Version Tinstall Tcheck Ttotal Status Flags
r-devel-linux-x86_64-debian-clang 0.2.6 77.78 77.71 155.49 NOTE
r-devel-linux-x86_64-debian-gcc 0.2.6 52.86 65.75 118.61 NOTE
r-devel-linux-x86_64-fedora-clang 0.2.6 297.57 OK
r-devel-linux-x86_64-fedora-gcc 0.2.6 281.98 OK
r-devel-windows-x86_64 0.2.6 92.00 108.00 200.00 OK
r-patched-linux-x86_64 0.2.6 82.54 75.98 158.52 OK
r-release-linux-x86_64 0.2.6 80.73 75.80 156.53 OK
r-release-macos-arm64 0.2.6 70.00 OK
r-release-macos-x86_64 0.2.6 117.00 OK
r-release-windows-x86_64 0.2.6 90.00 107.00 197.00 OK
r-oldrel-macos-arm64 0.2.6 79.00 OK
r-oldrel-macos-x86_64 0.2.6 99.00 OK
r-oldrel-windows-x86_64 0.2.6 88.00 124.00 212.00 OK

Check Details

Version: 0.2.6
Check: CRAN incoming feasibility
Result: NOTE Maintainer: ‘Ezequiel Toum <etoum@mendoza-conicet.gob.ar>’ No Authors@R field in DESCRIPTION. Please add one, modifying Authors@R: person(given = "Ezequiel", family = "Toum", role = c("aut", "cre"), email = "etoum@mendoza-conicet.gob.ar") as necessary. Package CITATION file contains call(s) to old-style personList() or as.personList(). Please use c() on person objects instead. Package CITATION file contains call(s) to old-style citEntry(). Please use bibentry() instead. Flavors: r-devel-linux-x86_64-debian-clang, r-devel-linux-x86_64-debian-gcc

These binaries (installable software) and packages are in development.
They may not be fully stable and should be used with caution. We make no claims about them.