CRAN Package Check Results for Package HBV.IANIGLA

Last updated on 2025-07-02 05:50:17 CEST.

Flavor Version Tinstall Tcheck Ttotal Status Flags
r-devel-linux-x86_64-debian-clang 0.2.6 80.85 55.65 136.50 NOTE
r-devel-linux-x86_64-debian-gcc 0.2.6 57.06 46.37 103.43 NOTE
r-devel-linux-x86_64-fedora-clang 0.2.6 271.66 OK
r-devel-linux-x86_64-fedora-gcc 0.2.6 259.25 OK
r-devel-windows-x86_64 0.2.6 88.00 110.00 198.00 OK
r-patched-linux-x86_64 OK
r-release-linux-x86_64 0.2.6 80.18 52.17 132.35 OK
r-release-macos-arm64 0.2.6 70.00 OK
r-release-macos-x86_64 0.2.6 117.00 OK
r-release-windows-x86_64 0.2.6 91.00 107.00 198.00 OK
r-oldrel-macos-arm64 0.2.6 79.00 OK
r-oldrel-macos-x86_64 0.2.6 99.00 OK
r-oldrel-windows-x86_64 0.2.6 99.00 124.00 223.00 OK

Check Details

Version: 0.2.6
Check: CRAN incoming feasibility
Result: NOTE Maintainer: ‘Ezequiel Toum <etoum@mendoza-conicet.gob.ar>’ No Authors@R field in DESCRIPTION. Please add one, modifying Authors@R: person(given = "Ezequiel", family = "Toum", role = c("aut", "cre"), email = "etoum@mendoza-conicet.gob.ar") as necessary. Package CITATION file contains call(s) to old-style personList() or as.personList(). Please use c() on person objects instead. Package CITATION file contains call(s) to old-style citEntry(). Please use bibentry() instead. Flavors: r-devel-linux-x86_64-debian-clang, r-devel-linux-x86_64-debian-gcc

These binaries (installable software) and packages are in development.
They may not be fully stable and should be used with caution. We make no claims about them.