Last updated on 2025-10-09 17:50:40 CEST.
Flavor | Version | Tinstall | Tcheck | Ttotal | Status | Flags |
---|---|---|---|---|---|---|
r-devel-linux-x86_64-debian-clang | 1.0 | 13.71 | 116.30 | 130.01 | NOTE | |
r-devel-linux-x86_64-debian-gcc | 1.0 | 10.39 | 81.17 | 91.56 | NOTE | |
r-devel-linux-x86_64-fedora-clang | 1.0 | 193.73 | OK | |||
r-devel-linux-x86_64-fedora-gcc | 1.0 | 182.36 | OK | |||
r-devel-windows-x86_64 | 1.0 | 16.00 | 111.00 | 127.00 | OK | |
r-patched-linux-x86_64 | 1.0 | 12.18 | 106.44 | 118.62 | OK | |
r-release-linux-x86_64 | 1.0 | 13.36 | 106.51 | 119.87 | OK | |
r-release-macos-arm64 | 1.0 | 48.00 | OK | |||
r-release-macos-x86_64 | 1.0 | 86.00 | OK | |||
r-release-windows-x86_64 | 1.0 | 16.00 | 111.00 | 127.00 | OK | |
r-oldrel-macos-arm64 | 1.0 | 47.00 | OK | |||
r-oldrel-macos-x86_64 | 1.0 | 68.00 | OK | |||
r-oldrel-windows-x86_64 | 1.0 | 21.00 | 138.00 | 159.00 | OK |
Version: 1.0
Check: CRAN incoming feasibility
Result: NOTE
Maintainer: ‘Tianxi Li <tianxili@umn.edu>’
The Description field contains
<arXiv:1810.01509>. The package also includes a data generating
Please refer to arXiv e-prints via their arXiv DOI <doi:10.48550/arXiv.YYMM.NNNNN>.
Flavors: r-devel-linux-x86_64-debian-clang, r-devel-linux-x86_64-debian-gcc
These binaries (installable software) and packages are in development.
They may not be fully stable and should be used with caution. We make no claims about them.