CRAN Package Check Results for Package HCTR

Last updated on 2025-07-01 15:49:50 CEST.

Flavor Version Tinstall Tcheck Ttotal Status Flags
r-devel-linux-x86_64-debian-clang 0.1.1 6.82 65.12 71.94 OK
r-devel-linux-x86_64-debian-gcc 0.1.1 5.59 50.08 55.67 OK
r-devel-linux-x86_64-fedora-clang 0.1.1 114.69 OK
r-devel-linux-x86_64-fedora-gcc 0.1.1 110.63 OK
r-devel-windows-x86_64 0.1.1 9.00 82.00 91.00 OK
r-patched-linux-x86_64 OK
r-release-linux-x86_64 0.1.1 5.95 62.10 68.05 OK
r-release-macos-arm64 0.1.1 40.00 OK
r-release-macos-x86_64 0.1.1 70.00 OK
r-release-windows-x86_64 0.1.1 8.00 83.00 91.00 OK
r-oldrel-macos-arm64 0.1.1 35.00 NOTE
r-oldrel-macos-x86_64 0.1.1 51.00 NOTE
r-oldrel-windows-x86_64 0.1.1 10.00 97.00 107.00 NOTE

Check Details

Version: 0.1.1
Check: LazyData
Result: NOTE 'LazyData' is specified without a 'data' directory Flavors: r-oldrel-macos-arm64, r-oldrel-macos-x86_64, r-oldrel-windows-x86_64

These binaries (installable software) and packages are in development.
They may not be fully stable and should be used with caution. We make no claims about them.