Last updated on 2025-02-16 10:50:48 CET.
Flavor | Version | Tinstall | Tcheck | Ttotal | Status | Flags |
---|---|---|---|---|---|---|
r-devel-linux-x86_64-debian-clang | 1.1.3 | 19.58 | 77.84 | 97.42 | OK | |
r-devel-linux-x86_64-debian-gcc | 1.1.3 | 17.58 | 56.10 | 73.68 | OK | |
r-devel-linux-x86_64-fedora-clang | 1.1.3 | 161.26 | OK | |||
r-devel-linux-x86_64-fedora-gcc | 1.1.3 | 157.46 | OK | |||
r-devel-macos-arm64 | 1.1.3 | 56.00 | OK | |||
r-devel-macos-x86_64 | 1.1.3 | 128.00 | OK | |||
r-devel-windows-x86_64 | 1.1.3 | 23.00 | 84.00 | 107.00 | OK | |
r-patched-linux-x86_64 | 1.1.3 | 20.41 | 72.09 | 92.50 | OK | |
r-release-linux-x86_64 | 1.1.3 | 20.38 | 71.22 | 91.60 | OK | |
r-release-macos-arm64 | 1.1.3 | 54.00 | NOTE | |||
r-release-macos-x86_64 | 1.1.3 | 81.00 | NOTE | |||
r-release-windows-x86_64 | 1.1.3 | 22.00 | 85.00 | 107.00 | OK | |
r-oldrel-macos-arm64 | 1.1.3 | 64.00 | OK | |||
r-oldrel-macos-x86_64 | 1.1.3 | 83.00 | NOTE | |||
r-oldrel-windows-x86_64 | 1.1.3 | 29.00 | 104.00 | 133.00 | OK |
Version: 1.1.3
Check: installed package size
Result: NOTE
installed size is 5.1Mb
sub-directories of 1Mb or more:
data 4.7Mb
Flavors: r-release-macos-arm64, r-release-macos-x86_64, r-oldrel-macos-x86_64
These binaries (installable software) and packages are in development.
They may not be fully stable and should be used with caution. We make no claims about them.