Last updated on 2025-10-24 11:50:48 CEST.
| Flavor | Version | Tinstall | Tcheck | Ttotal | Status | Flags |
|---|---|---|---|---|---|---|
| r-devel-linux-x86_64-debian-clang | 1.1.4 | 8.02 | 79.66 | 87.68 | NOTE | |
| r-devel-linux-x86_64-debian-gcc | 1.1.4 | 6.59 | 58.05 | 64.64 | NOTE | |
| r-devel-linux-x86_64-fedora-clang | 1.1.4 | 19.00 | 111.86 | 130.86 | NOTE | |
| r-devel-linux-x86_64-fedora-gcc | 1.1.4 | 16.00 | 121.63 | 137.63 | NOTE | |
| r-devel-windows-x86_64 | 1.1.4 | 11.00 | 106.00 | 117.00 | NOTE | |
| r-patched-linux-x86_64 | 1.1.4 | 8.27 | 75.57 | 83.84 | NOTE | |
| r-release-linux-x86_64 | 1.1.4 | 8.21 | 74.13 | 82.34 | NOTE | |
| r-release-macos-arm64 | 1.1.4 | 4.00 | 52.00 | 56.00 | NOTE | |
| r-release-macos-x86_64 | 1.1.4 | 8.00 | 75.00 | 83.00 | NOTE | |
| r-release-windows-x86_64 | 1.1.4 | 11.00 | 111.00 | 122.00 | NOTE | |
| r-oldrel-macos-arm64 | 1.1.4 | 4.00 | 46.00 | 50.00 | NOTE | |
| r-oldrel-macos-x86_64 | 1.1.4 | 10.00 | 79.00 | 89.00 | NOTE | |
| r-oldrel-windows-x86_64 | 1.1.4 | 14.00 | 122.00 | 136.00 | NOTE |
Version: 1.1.4
Check: Rd files
Result: NOTE
checkRd: (-1) phenowheat.Rd:18: Lost braces in \enumerate; meant \describe ?
checkRd: (-1) phenowheat.Rd:19: Lost braces in \enumerate; meant \describe ?
Flavors: r-devel-linux-x86_64-debian-clang, r-devel-linux-x86_64-debian-gcc, r-devel-linux-x86_64-fedora-clang, r-devel-linux-x86_64-fedora-gcc, r-devel-windows-x86_64, r-patched-linux-x86_64, r-release-linux-x86_64, r-release-macos-arm64, r-release-macos-x86_64, r-release-windows-x86_64, r-oldrel-macos-arm64, r-oldrel-macos-x86_64, r-oldrel-windows-x86_64
These binaries (installable software) and packages are in development.
They may not be fully stable and should be used with caution. We make no claims about them.