Last updated on 2025-05-01 10:50:11 CEST.
Flavor | Version | Tinstall | Tcheck | Ttotal | Status | Flags |
---|---|---|---|---|---|---|
r-devel-linux-x86_64-debian-clang | 1.1 | 7.28 | 42.00 | 49.28 | NOTE | |
r-devel-linux-x86_64-debian-gcc | 1.1 | 6.27 | 35.21 | 41.48 | OK | |
r-devel-linux-x86_64-fedora-clang | 1.1 | 77.32 | OK | |||
r-devel-linux-x86_64-fedora-gcc | 1.1 | 78.75 | OK | |||
r-devel-windows-x86_64 | 1.1 | 12.00 | 74.00 | 86.00 | OK | |
r-patched-linux-x86_64 | 1.1 | 8.91 | 39.85 | 48.76 | OK | |
r-release-linux-x86_64 | OK | |||||
r-release-macos-arm64 | 1.1 | 38.00 | OK | |||
r-release-macos-x86_64 | 1.1 | 54.00 | OK | |||
r-release-windows-x86_64 | 1.1 | 14.00 | 78.00 | 92.00 | OK | |
r-oldrel-macos-arm64 | 1.1 | 32.00 | OK | |||
r-oldrel-macos-x86_64 | 1.1 | 100.00 | OK | |||
r-oldrel-windows-x86_64 | 1.1 | 15.00 | 75.00 | 90.00 | OK |
Version: 1.1
Check: examples
Result: NOTE
Examples with CPU (user + system) or elapsed time > 5s
user system elapsed
Pilliat_test 6.192 0.011 7.77
Flavor: r-devel-linux-x86_64-debian-clang
Version: 1.1
Check: examples
Result: NA
user system elapsed
Pilliat_test 6.284 0.004 8.109
OK
Flavor: r-devel-linux-x86_64-debian-gcc
These binaries (installable software) and packages are in development.
They may not be fully stable and should be used with caution. We make no claims about them.