CRAN Package Check Results for Package HDGLM

Last updated on 2025-02-16 10:50:48 CET.

Flavor Version Tinstall Tcheck Ttotal Status Flags
r-devel-linux-x86_64-debian-clang 0.1 2.54 17.27 19.81 OK
r-devel-linux-x86_64-debian-gcc 0.1 1.89 14.12 16.01 OK
r-devel-linux-x86_64-fedora-clang 0.1 32.76 NOTE
r-devel-linux-x86_64-fedora-gcc 0.1 30.02 NOTE
r-devel-macos-arm64 0.1 15.00 OK
r-devel-macos-x86_64 0.1 29.00 OK
r-devel-windows-x86_64 0.1 4.00 37.00 41.00 OK
r-patched-linux-x86_64 0.1 2.02 16.77 18.79 NOTE
r-release-linux-x86_64 0.1 2.13 16.69 18.82 NOTE
r-release-macos-arm64 0.1 15.00 NOTE
r-release-macos-x86_64 0.1 21.00 NOTE
r-release-windows-x86_64 0.1 4.00 37.00 41.00 NOTE
r-oldrel-macos-arm64 0.1 18.00 NOTE
r-oldrel-macos-x86_64 0.1 20.00 NOTE
r-oldrel-windows-x86_64 0.1 7.00 36.00 43.00 NOTE

Check Details

Version: 0.1
Check: compiled code
Result: NOTE File ‘HDGLM/libs/HDGLM.so’: Found no calls to: ‘R_registerRoutines’, ‘R_useDynamicSymbols’ It is good practice to register native routines and to disable symbol search. See ‘Writing portable packages’ in the ‘Writing R Extensions’ manual. Flavors: r-devel-linux-x86_64-fedora-clang, r-devel-linux-x86_64-fedora-gcc

Version: 0.1
Check: LazyData
Result: NOTE 'LazyData' is specified without a 'data' directory Flavors: r-patched-linux-x86_64, r-release-linux-x86_64, r-release-macos-arm64, r-release-macos-x86_64, r-release-windows-x86_64, r-oldrel-macos-arm64, r-oldrel-macos-x86_64, r-oldrel-windows-x86_64

These binaries (installable software) and packages are in development.
They may not be fully stable and should be used with caution. We make no claims about them.