Last updated on 2025-02-19 18:51:06 CET.
Flavor | Version | Tinstall | Tcheck | Ttotal | Status | Flags |
---|---|---|---|---|---|---|
r-devel-linux-x86_64-debian-clang | 0.1.0 | 47.59 | 53.49 | 101.08 | OK | |
r-devel-linux-x86_64-debian-gcc | 0.1.0 | 36.77 | 41.05 | 77.82 | OK | |
r-devel-linux-x86_64-fedora-clang | 0.1.0 | 174.17 | OK | |||
r-devel-linux-x86_64-fedora-gcc | 0.1.0 | 179.44 | OK | |||
r-devel-macos-arm64 | 0.1.0 | 48.00 | OK | |||
r-devel-macos-x86_64 | 0.1.0 | 82.00 | OK | |||
r-devel-windows-x86_64 | 0.1.0 | 47.00 | 86.00 | 133.00 | OK | |
r-patched-linux-x86_64 | 0.1.0 | 49.02 | 50.76 | 99.78 | OK | |
r-release-linux-x86_64 | 0.1.0 | 49.30 | 50.93 | 100.23 | OK | |
r-release-macos-arm64 | 0.1.0 | 47.00 | NOTE | |||
r-release-macos-x86_64 | 0.1.0 | 65.00 | NOTE | |||
r-release-windows-x86_64 | 0.1.0 | 46.00 | 85.00 | 131.00 | OK | |
r-oldrel-macos-arm64 | 0.1.0 | 52.00 | NOTE | |||
r-oldrel-macos-x86_64 | 0.1.0 | 110.00 | NOTE | |||
r-oldrel-windows-x86_64 | 0.1.0 | 59.00 | 100.00 | 159.00 | OK |
Version: 0.1.0
Check: installed package size
Result: NOTE
installed size is 6.2Mb
sub-directories of 1Mb or more:
libs 5.6Mb
Flavors: r-release-macos-arm64, r-release-macos-x86_64, r-oldrel-macos-arm64, r-oldrel-macos-x86_64
These binaries (installable software) and packages are in development.
They may not be fully stable and should be used with caution. We make no claims about them.