Last updated on 2025-02-02 22:49:54 CET.
Flavor | Version | Tinstall | Tcheck | Ttotal | Status | Flags |
---|---|---|---|---|---|---|
r-devel-linux-x86_64-debian-clang | 2.0.1 | 43.80 | 93.75 | 137.55 | OK | |
r-devel-linux-x86_64-debian-gcc | 2.0.1 | 29.67 | 67.47 | 97.14 | OK | |
r-devel-linux-x86_64-fedora-clang | 2.0.1 | 238.81 | OK | |||
r-devel-linux-x86_64-fedora-gcc | 2.0.1 | 225.79 | OK | |||
r-devel-windows-x86_64 | 2.0.1 | 45.00 | 118.00 | 163.00 | OK | |
r-patched-linux-x86_64 | 2.0.1 | 40.96 | 86.73 | 127.69 | OK | |
r-release-linux-x86_64 | 2.0.1 | 35.70 | 88.06 | 123.76 | OK | |
r-release-macos-arm64 | 2.0.1 | 66.00 | NOTE | |||
r-release-macos-x86_64 | 2.0.1 | 112.00 | NOTE | |||
r-release-windows-x86_64 | 2.0.1 | 46.00 | 121.00 | 167.00 | NOTE | |
r-oldrel-macos-arm64 | 2.0.1 | 69.00 | NOTE | |||
r-oldrel-macos-x86_64 | 2.0.1 | 106.00 | NOTE | |||
r-oldrel-windows-x86_64 | 2.0.1 | 50.00 | 149.00 | 199.00 | NOTE |
Version: 2.0.1
Check: installed package size
Result: NOTE
installed size is 10.8Mb
sub-directories of 1Mb or more:
data 5.8Mb
libs 4.8Mb
Flavors: r-release-macos-arm64, r-release-macos-x86_64, r-release-windows-x86_64, r-oldrel-macos-arm64, r-oldrel-macos-x86_64, r-oldrel-windows-x86_64
These binaries (installable software) and packages are in development.
They may not be fully stable and should be used with caution. We make no claims about them.