Last updated on 2025-11-11 15:50:36 CET.
| Flavor | Version | Tinstall | Tcheck | Ttotal | Status | Flags |
|---|---|---|---|---|---|---|
| r-devel-linux-x86_64-debian-clang | 2.0.1 | 47.96 | 97.08 | 145.04 | OK | |
| r-devel-linux-x86_64-debian-gcc | 2.0.1 | 29.79 | 72.43 | 102.22 | OK | |
| r-devel-linux-x86_64-fedora-clang | 2.0.1 | 151.00 | 78.24 | 229.24 | OK | |
| r-devel-linux-x86_64-fedora-gcc | 2.0.1 | 77.00 | 130.95 | 207.95 | OK | |
| r-devel-windows-x86_64 | 2.0.1 | 48.00 | 119.00 | 167.00 | OK | |
| r-patched-linux-x86_64 | 2.0.1 | 41.34 | 91.69 | 133.03 | OK | |
| r-release-linux-x86_64 | 2.0.1 | 43.36 | 91.39 | 134.75 | OK | |
| r-release-macos-arm64 | 2.0.1 | 19.00 | 48.00 | 67.00 | OK | |
| r-release-macos-x86_64 | 2.0.1 | 46.00 | 98.00 | 144.00 | OK | |
| r-release-windows-x86_64 | 2.0.1 | 50.00 | 123.00 | 173.00 | OK | |
| r-oldrel-macos-arm64 | 2.0.1 | 19.00 | 47.00 | 66.00 | NOTE | |
| r-oldrel-macos-x86_64 | 2.0.1 | 33.00 | 79.00 | 112.00 | NOTE | |
| r-oldrel-windows-x86_64 | 2.0.1 | 58.00 | 154.00 | 212.00 | NOTE |
Version: 2.0.1
Check: installed package size
Result: NOTE
installed size is 10.8Mb
sub-directories of 1Mb or more:
data 5.8Mb
libs 4.8Mb
Flavors: r-oldrel-macos-arm64, r-oldrel-macos-x86_64, r-oldrel-windows-x86_64
These binaries (installable software) and packages are in development.
They may not be fully stable and should be used with caution. We make no claims about them.