CRAN Package Check Results for Package HDSinRdata

Last updated on 2025-11-11 15:50:36 CET.

Flavor Version Tinstall Tcheck Ttotal Status Flags
r-devel-linux-x86_64-debian-clang 0.1.3 12.27 23.00 35.27 NOTE
r-devel-linux-x86_64-debian-gcc 0.1.3 8.69 18.43 27.12 NOTE
r-devel-linux-x86_64-fedora-clang 0.1.3 36.00 18.05 54.05 NOTE
r-devel-linux-x86_64-fedora-gcc 0.1.3 27.00 24.31 51.31 NOTE
r-devel-windows-x86_64 0.1.3 13.00 39.00 52.00 NOTE
r-patched-linux-x86_64 0.1.3 12.90 21.81 34.71 OK
r-release-linux-x86_64 0.1.3 11.93 21.83 33.76 OK
r-release-macos-arm64 0.1.3 9.00 14.00 23.00 OK
r-release-macos-x86_64 0.1.3 20.00 26.00 46.00 OK
r-release-windows-x86_64 0.1.3 13.00 39.00 52.00 OK
r-oldrel-macos-arm64 0.1.3 8.00 18.00 26.00 OK
r-oldrel-macos-x86_64 0.1.3 13.00 29.00 42.00 OK
r-oldrel-windows-x86_64 0.1.3 16.00 45.00 61.00 OK

Check Details

Version: 0.1.3
Check: Rd files
Result: NOTE checkRd: (-1) pain.Rd:114: height/width attributes should be in pixels Flavors: r-devel-linux-x86_64-debian-clang, r-devel-linux-x86_64-debian-gcc, r-devel-linux-x86_64-fedora-clang, r-devel-linux-x86_64-fedora-gcc, r-devel-windows-x86_64

These binaries (installable software) and packages are in development.
They may not be fully stable and should be used with caution. We make no claims about them.