Last updated on 2025-05-08 04:52:07 CEST.
Flavor | Version | Tinstall | Tcheck | Ttotal | Status | Flags |
---|---|---|---|---|---|---|
r-devel-linux-x86_64-debian-clang | 1.0.5-1 | 118.94 | 88.32 | 207.26 | OK | |
r-devel-linux-x86_64-debian-gcc | 1.0.5-1 | 88.11 | 69.90 | 158.01 | OK | |
r-devel-linux-x86_64-fedora-clang | 1.0.5-1 | 323.47 | OK | |||
r-devel-linux-x86_64-fedora-gcc | 1.0.5-1 | 400.77 | OK | |||
r-devel-windows-x86_64 | 1.0.5-1 | 124.00 | 125.00 | 249.00 | OK | |
r-patched-linux-x86_64 | 1.0.5-1 | 125.40 | 94.39 | 219.79 | OK | |
r-release-linux-x86_64 | 1.0.5-1 | 125.28 | 94.59 | 219.87 | OK | |
r-release-macos-arm64 | 1.0.5-1 | 94.00 | OK | |||
r-release-macos-x86_64 | 1.0.5-1 | 110.00 | OK | |||
r-release-windows-x86_64 | 1.0.5-1 | 126.00 | 126.00 | 252.00 | OK | |
r-oldrel-macos-arm64 | 1.0.5-1 | 92.00 | NOTE | |||
r-oldrel-macos-x86_64 | 1.0.5-1 | 113.00 | NOTE | |||
r-oldrel-windows-x86_64 | 1.0.5-1 | 146.00 | 152.00 | 298.00 | OK |
Version: 1.0.5-1
Check: installed package size
Result: NOTE
installed size is 36.2Mb
sub-directories of 1Mb or more:
libs 35.2Mb
Flavors: r-oldrel-macos-arm64, r-oldrel-macos-x86_64
These binaries (installable software) and packages are in development.
They may not be fully stable and should be used with caution. We make no claims about them.