Last updated on 2025-07-22 13:49:15 CEST.
Flavor | Version | Tinstall | Tcheck | Ttotal | Status | Flags |
---|---|---|---|---|---|---|
r-devel-linux-x86_64-debian-clang | 2.7.4 | 13.03 | 120.76 | 133.79 | NOTE | |
r-devel-linux-x86_64-debian-gcc | 2.7.4 | 7.91 | 81.47 | 89.38 | NOTE | |
r-devel-linux-x86_64-fedora-clang | 2.7.4 | 198.92 | NOTE | |||
r-devel-linux-x86_64-fedora-gcc | 2.7.4 | 187.10 | NOTE | |||
r-devel-windows-x86_64 | 2.7.4 | 17.00 | 145.00 | 162.00 | NOTE | |
r-patched-linux-x86_64 | 2.7.4 | 10.99 | 112.57 | 123.56 | NOTE | |
r-release-linux-x86_64 | 2.7.4 | 10.92 | 111.65 | 122.57 | NOTE | |
r-release-macos-arm64 | 2.7.4 | 57.00 | NOTE | |||
r-release-macos-x86_64 | 2.7.4 | 108.00 | NOTE | |||
r-release-windows-x86_64 | 2.7.4 | 16.00 | 148.00 | 164.00 | NOTE | |
r-oldrel-macos-arm64 | 2.7.4 | 54.00 | NOTE | |||
r-oldrel-macos-x86_64 | 2.7.4 | 148.00 | NOTE | |||
r-oldrel-windows-x86_64 | 2.7.4 | 20.00 | 185.00 | 205.00 | NOTE |
Version: 2.7.4
Check: CRAN incoming feasibility
Result: NOTE
Maintainer: ‘Marco Notaro <marco.notaro@unimi.it>’
Package CITATION file contains call(s) to old-style citEntry(). Please
use bibentry() instead.
Flavors: r-devel-linux-x86_64-debian-clang, r-devel-linux-x86_64-debian-gcc
Version: 2.7.4
Check: C++ specification
Result: NOTE
Specified C++11: please drop specification unless essential
Flavors: r-devel-linux-x86_64-debian-clang, r-devel-linux-x86_64-debian-gcc, r-devel-linux-x86_64-fedora-clang, r-devel-linux-x86_64-fedora-gcc, r-devel-windows-x86_64, r-patched-linux-x86_64, r-release-linux-x86_64, r-release-macos-arm64, r-release-macos-x86_64, r-release-windows-x86_64, r-oldrel-macos-arm64, r-oldrel-macos-x86_64, r-oldrel-windows-x86_64
These binaries (installable software) and packages are in development.
They may not be fully stable and should be used with caution. We make no claims about them.