Last updated on 2025-02-23 13:51:13 CET.
Flavor | Version | Tinstall | Tcheck | Ttotal | Status | Flags |
---|---|---|---|---|---|---|
r-devel-linux-x86_64-debian-clang | 2.7.4 | 12.24 | 111.54 | 123.78 | NOTE | |
r-devel-linux-x86_64-debian-gcc | 2.7.4 | 7.69 | 78.88 | 86.57 | NOTE | |
r-devel-linux-x86_64-fedora-clang | 2.7.4 | 202.00 | NOTE | |||
r-devel-linux-x86_64-fedora-gcc | 2.7.4 | 188.42 | NOTE | |||
r-devel-macos-arm64 | 2.7.4 | 56.00 | NOTE | |||
r-devel-macos-x86_64 | 2.7.4 | 108.00 | NOTE | |||
r-devel-windows-x86_64 | 2.7.4 | 16.00 | 140.00 | 156.00 | NOTE | |
r-patched-linux-x86_64 | 2.7.4 | 12.36 | 103.90 | 116.26 | NOTE | |
r-release-linux-x86_64 | 2.7.4 | 11.78 | 102.77 | 114.55 | NOTE | |
r-release-macos-arm64 | 2.7.4 | 54.00 | NOTE | |||
r-release-macos-x86_64 | 2.7.4 | 148.00 | NOTE | |||
r-release-windows-x86_64 | 2.7.4 | 17.00 | 136.00 | 153.00 | NOTE | |
r-oldrel-macos-arm64 | 2.7.4 | 58.00 | NOTE | |||
r-oldrel-macos-x86_64 | 2.7.4 | 96.00 | NOTE | |||
r-oldrel-windows-x86_64 | 2.7.4 | 20.00 | 189.00 | 209.00 | NOTE |
Version: 2.7.4
Check: C++ specification
Result: NOTE
Specified C++11: please drop specification unless essential
Flavors: r-devel-linux-x86_64-debian-clang, r-devel-linux-x86_64-debian-gcc, r-devel-linux-x86_64-fedora-clang, r-devel-linux-x86_64-fedora-gcc, r-devel-macos-arm64, r-devel-macos-x86_64, r-devel-windows-x86_64, r-patched-linux-x86_64, r-release-linux-x86_64, r-release-macos-arm64, r-release-macos-x86_64, r-release-windows-x86_64, r-oldrel-macos-arm64, r-oldrel-macos-x86_64, r-oldrel-windows-x86_64
These binaries (installable software) and packages are in development.
They may not be fully stable and should be used with caution. We make no claims about them.