Last updated on 2025-05-24 07:49:27 CEST.
Flavor | Version | Tinstall | Tcheck | Ttotal | Status | Flags |
---|---|---|---|---|---|---|
r-devel-linux-x86_64-debian-clang | 0.8.15 | 6.32 | 46.25 | 52.57 | OK | |
r-devel-linux-x86_64-debian-gcc | 0.8.15 | 5.34 | 37.37 | 42.71 | OK | |
r-devel-linux-x86_64-fedora-clang | 0.8.15 | 82.75 | OK | |||
r-devel-linux-x86_64-fedora-gcc | 0.8.15 | 97.67 | OK | |||
r-devel-windows-x86_64 | 0.8.15 | 10.00 | 68.00 | 78.00 | OK | |
r-patched-linux-x86_64 | 0.8.15 | 6.38 | 43.83 | 50.21 | OK | |
r-release-linux-x86_64 | 0.8.15 | 6.78 | 44.37 | 51.15 | OK | |
r-release-macos-arm64 | 0.8.15 | 34.00 | OK | |||
r-release-macos-x86_64 | 0.8.15 | 64.00 | OK | |||
r-release-windows-x86_64 | 0.8.15 | 10.00 | 68.00 | 78.00 | OK | |
r-oldrel-macos-arm64 | 0.8.15 | 199.00 | NOTE | |||
r-oldrel-macos-x86_64 | 0.8.15 | 227.00 | NOTE | |||
r-oldrel-windows-x86_64 | 0.8.15 | 8.00 | 77.00 | 85.00 | OK |
Version: 0.8.15
Check: installed package size
Result: NOTE
installed size is 5.2Mb
sub-directories of 1Mb or more:
data 4.8Mb
Flavors: r-oldrel-macos-arm64, r-oldrel-macos-x86_64
These binaries (installable software) and packages are in development.
They may not be fully stable and should be used with caution. We make no claims about them.