Last updated on 2025-02-16 10:50:48 CET.
Flavor | Version | Tinstall | Tcheck | Ttotal | Status | Flags |
---|---|---|---|---|---|---|
r-devel-linux-x86_64-debian-clang | 0.8.15 | 6.63 | 44.84 | 51.47 | OK | |
r-devel-linux-x86_64-debian-gcc | 0.8.15 | 4.87 | 36.15 | 41.02 | OK | |
r-devel-linux-x86_64-fedora-clang | 0.8.15 | 84.57 | OK | |||
r-devel-linux-x86_64-fedora-gcc | 0.8.15 | 90.51 | OK | |||
r-devel-macos-arm64 | 0.8.15 | 33.00 | OK | |||
r-devel-macos-x86_64 | 0.8.15 | 63.00 | OK | |||
r-devel-windows-x86_64 | 0.8.15 | 7.00 | 64.00 | 71.00 | OK | |
r-patched-linux-x86_64 | 0.8.15 | 7.34 | 42.69 | 50.03 | OK | |
r-release-linux-x86_64 | 0.8.15 | 7.10 | 43.00 | 50.10 | OK | |
r-release-macos-arm64 | 0.8.15 | 199.00 | NOTE | |||
r-release-macos-x86_64 | 0.8.15 | 227.00 | NOTE | |||
r-release-windows-x86_64 | 0.8.15 | 7.00 | 67.00 | 74.00 | OK | |
r-oldrel-macos-arm64 | 0.8.15 | 206.00 | NOTE | |||
r-oldrel-macos-x86_64 | 0.8.15 | 222.00 | NOTE | |||
r-oldrel-windows-x86_64 | 0.8.15 | 9.00 | 70.00 | 79.00 | NOTE |
Version: 0.8.15
Check: installed package size
Result: NOTE
installed size is 5.2Mb
sub-directories of 1Mb or more:
data 4.8Mb
Flavors: r-release-macos-arm64, r-release-macos-x86_64, r-oldrel-macos-arm64, r-oldrel-macos-x86_64, r-oldrel-windows-x86_64
These binaries (installable software) and packages are in development.
They may not be fully stable and should be used with caution. We make no claims about them.