CRAN Package Check Results for Package HGraph

Last updated on 2025-05-29 01:49:31 CEST.

Flavor Version Tinstall Tcheck Ttotal Status Flags
r-devel-linux-x86_64-debian-clang 0.1.0 2.51 23.11 25.62 NOTE
r-devel-linux-x86_64-debian-gcc 0.1.0 1.49 19.37 20.86 NOTE
r-devel-linux-x86_64-fedora-clang 0.1.0 41.54 NOTE
r-devel-linux-x86_64-fedora-gcc 0.1.0 55.65 NOTE
r-devel-windows-x86_64 0.1.0 4.00 43.00 47.00 OK
r-patched-linux-x86_64 0.1.0 2.18 22.23 24.41 OK
r-release-linux-x86_64 0.1.0 2.61 22.40 25.01 OK
r-release-macos-arm64 0.1.0 32.00 OK
r-release-macos-x86_64 0.1.0 39.00 OK
r-release-windows-x86_64 0.1.0 4.00 46.00 50.00 OK
r-oldrel-macos-arm64 0.1.0 24.00 OK
r-oldrel-macos-x86_64 0.1.0 38.00 OK
r-oldrel-windows-x86_64 0.1.0 5.00 49.00 54.00 OK

Check Details

Version: 0.1.0
Check: CRAN incoming feasibility
Result: NOTE Maintainer: ‘Jinan Pang <pang.jinan@qq.com>’ No Authors@R field in DESCRIPTION. Please add one, modifying Authors@R: c(person(family = "JinanPang", role = c("aut", "cre")), person(family = "HuiLi", role = "ctb"), person(given = "Jinan", family = "Pang", role = "cre", email = "pang.jinan@qq.com")) as necessary. Flavors: r-devel-linux-x86_64-debian-clang, r-devel-linux-x86_64-debian-gcc

Version: 0.1.0
Check: dependencies in R code
Result: NOTE Namespace in Imports field not imported from: ‘knitr’ All declared Imports should be used. Flavors: r-devel-linux-x86_64-fedora-clang, r-devel-linux-x86_64-fedora-gcc

These binaries (installable software) and packages are in development.
They may not be fully stable and should be used with caution. We make no claims about them.