CRAN Package Check Results for Package HGraph

Last updated on 2025-02-16 10:50:48 CET.

Flavor Version Tinstall Tcheck Ttotal Status Flags
r-devel-linux-x86_64-debian-clang 0.1.0 2.39 22.49 24.88 OK
r-devel-linux-x86_64-debian-gcc 0.1.0 1.85 18.81 20.66 OK
r-devel-linux-x86_64-fedora-clang 0.1.0 43.82 NOTE
r-devel-linux-x86_64-fedora-gcc 0.1.0 52.55 NOTE
r-devel-macos-arm64 0.1.0 25.00 OK
r-devel-macos-x86_64 0.1.0 38.00 OK
r-devel-windows-x86_64 0.1.0 4.00 50.00 54.00 OK
r-patched-linux-x86_64 0.1.0 2.52 21.42 23.94 OK
r-release-linux-x86_64 0.1.0 2.59 21.56 24.15 OK
r-release-macos-arm64 0.1.0 24.00 OK
r-release-macos-x86_64 0.1.0 38.00 OK
r-release-windows-x86_64 0.1.0 4.00 45.00 49.00 OK
r-oldrel-macos-arm64 0.1.0 23.00 OK
r-oldrel-macos-x86_64 0.1.0 34.00 OK
r-oldrel-windows-x86_64 0.1.0 5.00 45.00 50.00 OK

Check Details

Version: 0.1.0
Check: dependencies in R code
Result: NOTE Namespace in Imports field not imported from: ‘knitr’ All declared Imports should be used. Flavors: r-devel-linux-x86_64-fedora-clang, r-devel-linux-x86_64-fedora-gcc

These binaries (installable software) and packages are in development.
They may not be fully stable and should be used with caution. We make no claims about them.