Last updated on 2024-07-27 15:50:20 CEST.
Flavor | Version | Tinstall | Tcheck | Ttotal | Status | Flags |
---|---|---|---|---|---|---|
r-devel-linux-x86_64-debian-clang | 3.1-52 | 36.48 | 383.40 | 419.88 | OK | |
r-devel-linux-x86_64-debian-gcc | 3.1-52 | NOTE | ||||
r-devel-linux-x86_64-fedora-clang | 3.1-52 | 547.63 | OK | |||
r-devel-linux-x86_64-fedora-gcc | 3.1-52 | 517.58 | OK | |||
r-devel-windows-x86_64 | 3.1-52 | 32.00 | 321.00 | 353.00 | NOTE | |
r-patched-linux-x86_64 | 3.1-52 | OK | ||||
r-release-linux-x86_64 | 3.1-52 | 22.17 | 366.13 | 388.30 | OK | |
r-release-macos-arm64 | 3.1-52 | 126.00 | OK | |||
r-release-macos-x86_64 | 3.1-52 | 201.00 | OK | |||
r-release-windows-x86_64 | 3.1-52 | 32.00 | 328.00 | 360.00 | OK | |
r-oldrel-macos-arm64 | 3.1-52 | 134.00 | OK | |||
r-oldrel-macos-x86_64 | 3.1-52 | 367.00 | OK | |||
r-oldrel-windows-x86_64 | 3.1-52 | 42.00 | 423.00 | 465.00 | OK |
Version: 3.1-52
Check: Rd cross-references
Result: NOTE
Found the following Rd file(s) with Rd \link{} targets missing package
anchors:
ResizeEtc.likertPlot.Rd: barchart
ToBW.likert.Rd: panel.bwplot
ancovaplot.Rd: panel.superpose, panel.xyplot
latticeresids.Rd: xyplot
likertWeighted.Rd: xyplot, panel.bwplot
lmatPairwise.Rd: mcp
residual.plots.lattice.Rd: xyplot
useOuterScales.Rd: trellis.par.get, xyplot, panel.axis
Please provide package anchors for all Rd \link{} targets not in the
package itself and the base packages.
Flavors: r-devel-linux-x86_64-debian-gcc, r-devel-windows-x86_64
These binaries (installable software) and packages are in development.
They may not be fully stable and should be used with caution. We make no claims about them.