CRAN Package Check Results for Package HMB

Last updated on 2025-02-16 10:50:48 CET.

Flavor Version Tinstall Tcheck Ttotal Status Flags
r-devel-linux-x86_64-debian-clang 1.1 77.69 27.27 104.96 NOTE
r-devel-linux-x86_64-debian-gcc 1.1 54.10 21.62 75.72 NOTE
r-devel-linux-x86_64-fedora-clang 1.1 232.68 NOTE
r-devel-linux-x86_64-fedora-gcc 1.1 222.78 NOTE
r-devel-macos-arm64 1.1 42.00 NOTE
r-devel-macos-x86_64 1.1 53.00 NOTE
r-devel-windows-x86_64 1.1 82.00 74.00 156.00 NOTE
r-patched-linux-x86_64 1.1 79.04 26.26 105.30 NOTE
r-release-linux-x86_64 1.1 81.47 26.17 107.64 NOTE
r-release-macos-arm64 1.1 42.00 NOTE
r-release-macos-x86_64 1.1 46.00 NOTE
r-release-windows-x86_64 1.1 86.00 71.00 157.00 NOTE
r-oldrel-macos-arm64 1.1 59.00 NOTE
r-oldrel-macos-x86_64 1.1 101.00 NOTE
r-oldrel-windows-x86_64 1.1 104.00 76.00 180.00 NOTE

Check Details

Version: 1.1
Check: C++ specification
Result: NOTE Specified C++11: please drop specification unless essential Flavors: r-devel-linux-x86_64-debian-clang, r-devel-linux-x86_64-debian-gcc, r-devel-linux-x86_64-fedora-clang, r-devel-linux-x86_64-fedora-gcc, r-devel-macos-arm64, r-devel-macos-x86_64, r-devel-windows-x86_64, r-patched-linux-x86_64, r-release-linux-x86_64, r-release-macos-arm64, r-release-macos-x86_64, r-release-windows-x86_64, r-oldrel-macos-arm64, r-oldrel-macos-x86_64, r-oldrel-windows-x86_64

Version: 1.1
Check: installed package size
Result: NOTE installed size is 7.8Mb sub-directories of 1Mb or more: data 3.5Mb libs 4.0Mb Flavors: r-release-macos-arm64, r-release-macos-x86_64, r-release-windows-x86_64, r-oldrel-macos-arm64, r-oldrel-macos-x86_64, r-oldrel-windows-x86_64

These binaries (installable software) and packages are in development.
They may not be fully stable and should be used with caution. We make no claims about them.