Last updated on 2024-07-27 15:50:20 CEST.
Flavor | Version | Tinstall | Tcheck | Ttotal | Status | Flags |
---|---|---|---|---|---|---|
r-devel-linux-x86_64-debian-clang | 1.1 | 108.04 | 34.52 | 142.56 | NOTE | |
r-devel-linux-x86_64-debian-gcc | 1.1 | NOTE | ||||
r-devel-linux-x86_64-fedora-clang | 1.1 | 266.80 | NOTE | |||
r-devel-linux-x86_64-fedora-gcc | 1.1 | 223.50 | NOTE | |||
r-devel-windows-x86_64 | 1.1 | 88.00 | 70.00 | 158.00 | NOTE | |
r-patched-linux-x86_64 | 1.1 | NOTE | ||||
r-release-linux-x86_64 | 1.1 | 89.02 | 33.57 | 122.59 | NOTE | |
r-release-macos-arm64 | 1.1 | 42.00 | NOTE | |||
r-release-macos-x86_64 | 1.1 | 46.00 | NOTE | |||
r-release-windows-x86_64 | 1.1 | 110.00 | 69.00 | 179.00 | NOTE | |
r-oldrel-macos-arm64 | 1.1 | 59.00 | NOTE | |||
r-oldrel-macos-x86_64 | 1.1 | 101.00 | NOTE | |||
r-oldrel-windows-x86_64 | 1.1 | 101.00 | 75.00 | 176.00 | NOTE |
Version: 1.1
Check: C++ specification
Result: NOTE
Specified C++11: please drop specification unless essential
Flavors: r-devel-linux-x86_64-debian-clang, r-devel-linux-x86_64-debian-gcc, r-devel-linux-x86_64-fedora-clang, r-devel-linux-x86_64-fedora-gcc, r-devel-windows-x86_64, r-patched-linux-x86_64, r-release-linux-x86_64, r-release-macos-arm64, r-release-macos-x86_64, r-release-windows-x86_64, r-oldrel-macos-arm64, r-oldrel-macos-x86_64, r-oldrel-windows-x86_64
Version: 1.1
Check: installed package size
Result: NOTE
installed size is 5.0Mb
sub-directories of 1Mb or more:
data 3.5Mb
libs 1.3Mb
Flavors: r-devel-windows-x86_64, r-release-macos-arm64, r-release-macos-x86_64, r-release-windows-x86_64, r-oldrel-macos-arm64, r-oldrel-macos-x86_64, r-oldrel-windows-x86_64
These binaries (installable software) and packages are in development.
They may not be fully stable and should be used with caution. We make no claims about them.