Last updated on 2025-07-21 15:51:04 CEST.
Flavor | Version | Tinstall | Tcheck | Ttotal | Status | Flags |
---|---|---|---|---|---|---|
r-devel-linux-x86_64-debian-clang | 0.1.2 | 29.59 | 23.57 | 53.16 | NOTE | |
r-devel-linux-x86_64-debian-gcc | 0.1.2 | 21.58 | 19.31 | 40.89 | NOTE | |
r-devel-linux-x86_64-fedora-clang | 0.1.2 | 106.03 | NOTE | |||
r-devel-linux-x86_64-fedora-gcc | 0.1.2 | 83.08 | NOTE | |||
r-devel-windows-x86_64 | 0.1.2 | 39.00 | 58.00 | 97.00 | NOTE | |
r-patched-linux-x86_64 | 0.1.2 | 29.76 | 22.70 | 52.46 | NOTE | |
r-release-linux-x86_64 | 0.1.2 | 27.69 | 22.28 | 49.97 | NOTE | |
r-release-macos-arm64 | 0.1.2 | 25.00 | NOTE | |||
r-release-macos-x86_64 | 0.1.2 | 43.00 | NOTE | |||
r-release-windows-x86_64 | 0.1.2 | 38.00 | 62.00 | 100.00 | NOTE | |
r-oldrel-macos-arm64 | 0.1.2 | 25.00 | NOTE | |||
r-oldrel-macos-x86_64 | 0.1.2 | 32.00 | NOTE | |||
r-oldrel-windows-x86_64 | 0.1.2 | 46.00 | 69.00 | 115.00 | NOTE |
Version: 0.1.2
Check: CRAN incoming feasibility
Result: NOTE
Maintainer: ‘Jiwoong Kim <jwboys26@gmail.com>’
The Description field contains
inverse. See Kim (2017) <arXiv:1710.09663> for more details.
Please refer to arXiv e-prints via their arXiv DOI <doi:10.48550/arXiv.YYMM.NNNNN>.
Flavors: r-devel-linux-x86_64-debian-clang, r-devel-linux-x86_64-debian-gcc
Version: 0.1.2
Check: C++ specification
Result: NOTE
Specified C++11: please drop specification unless essential
Flavors: r-devel-linux-x86_64-debian-clang, r-devel-linux-x86_64-debian-gcc, r-devel-linux-x86_64-fedora-clang, r-devel-linux-x86_64-fedora-gcc, r-devel-windows-x86_64, r-patched-linux-x86_64, r-release-linux-x86_64, r-release-macos-arm64, r-release-macos-x86_64, r-release-windows-x86_64, r-oldrel-macos-arm64, r-oldrel-macos-x86_64, r-oldrel-windows-x86_64
Version: 0.1.2
Check: LazyData
Result: NOTE
'LazyData' is specified without a 'data' directory
Flavors: r-oldrel-macos-arm64, r-oldrel-macos-x86_64, r-oldrel-windows-x86_64
These binaries (installable software) and packages are in development.
They may not be fully stable and should be used with caution. We make no claims about them.