Last updated on 2025-05-01 17:56:05 CEST.
Flavor | Version | Tinstall | Tcheck | Ttotal | Status | Flags |
---|---|---|---|---|---|---|
r-devel-linux-x86_64-debian-clang | 1.1.0 | 4.10 | 33.01 | 37.11 | NOTE | |
r-devel-linux-x86_64-debian-gcc | 1.1.0 | 2.93 | 24.65 | 27.58 | NOTE | |
r-devel-linux-x86_64-fedora-clang | 1.1.0 | 57.02 | OK | |||
r-devel-linux-x86_64-fedora-gcc | 1.1.0 | 55.86 | OK | |||
r-devel-windows-x86_64 | 1.1.0 | 9.00 | 62.00 | 71.00 | OK | |
r-patched-linux-x86_64 | 1.1.0 | 3.88 | 31.08 | 34.96 | OK | |
r-release-linux-x86_64 | OK | |||||
r-release-macos-arm64 | 1.1.0 | 20.00 | OK | |||
r-release-macos-x86_64 | 1.1.0 | 34.00 | OK | |||
r-release-windows-x86_64 | 1.1.0 | 10.00 | 68.00 | 78.00 | OK | |
r-oldrel-macos-arm64 | 1.1.0 | 20.00 | OK | |||
r-oldrel-macos-x86_64 | 1.1.0 | 32.00 | OK | |||
r-oldrel-windows-x86_64 | 1.1.0 | 8.00 | 63.00 | 71.00 | OK |
Version: 1.1.0
Check: CRAN incoming feasibility
Result: NOTE
Maintainer: ‘Ting Wang <ting.wang@otago.ac.nz>’
No Authors@R field in DESCRIPTION.
Please add one, modifying
Authors@R: c(person(given = "Ting",
family = "Wang",
role = c("aut", "cre"),
email = "ting.wang@otago.ac.nz"),
person(given = "Wolfgang",
family = "Hayek",
role = "aut"),
person(given = "Alexander",
family = "Pletzer",
role = "aut"))
as necessary.
Flavors: r-devel-linux-x86_64-debian-clang, r-devel-linux-x86_64-debian-gcc
These binaries (installable software) and packages are in development.
They may not be fully stable and should be used with caution. We make no claims about them.