Last updated on 2025-02-16 10:50:48 CET.
Flavor | Version | Tinstall | Tcheck | Ttotal | Status | Flags |
---|---|---|---|---|---|---|
r-devel-linux-x86_64-debian-clang | 1.0.2 | 4.49 | 31.79 | 36.28 | OK | |
r-devel-linux-x86_64-debian-gcc | 1.0.2 | 3.45 | 23.40 | 26.85 | OK | |
r-devel-linux-x86_64-fedora-clang | 1.0.2 | 49.22 | OK | |||
r-devel-linux-x86_64-fedora-gcc | 1.0.2 | 54.40 | OK | |||
r-devel-macos-arm64 | 1.0.2 | 24.00 | OK | |||
r-devel-macos-x86_64 | 1.0.2 | 32.00 | OK | |||
r-devel-windows-x86_64 | 1.0.2 | 5.00 | 58.00 | 63.00 | OK | |
r-patched-linux-x86_64 | 1.0.2 | 5.39 | 29.78 | 35.17 | OK | |
r-release-linux-x86_64 | 1.0.2 | 3.71 | 29.48 | 33.19 | OK | |
r-release-macos-arm64 | 1.0.2 | 29.00 | OK | |||
r-release-macos-x86_64 | 1.0.2 | 42.00 | OK | |||
r-release-windows-x86_64 | 1.0.2 | 8.00 | 71.00 | 79.00 | OK | |
r-oldrel-macos-arm64 | 1.0.1 | 19.00 | NOTE | |||
r-oldrel-macos-x86_64 | 1.0.2 | 57.00 | OK | |||
r-oldrel-windows-x86_64 | 1.0.2 | 8.00 | 62.00 | 70.00 | OK |
Version: 1.0.1
Check: LazyData
Result: NOTE
'LazyData' is specified without a 'data' directory
Flavor: r-oldrel-macos-arm64
These binaries (installable software) and packages are in development.
They may not be fully stable and should be used with caution. We make no claims about them.