CRAN Package Check Results for Package HMR

Last updated on 2025-05-08 04:52:07 CEST.

Flavor Version Tinstall Tcheck Ttotal Status Flags
r-devel-linux-x86_64-debian-clang 1.0.4 2.61 21.37 23.98 NOTE
r-devel-linux-x86_64-debian-gcc 1.0.4 2.14 16.88 19.02 NOTE
r-devel-linux-x86_64-fedora-clang 1.0.4 37.29 OK
r-devel-linux-x86_64-fedora-gcc 1.0.4 35.24 OK
r-devel-windows-x86_64 1.0.4 5.00 38.00 43.00 OK
r-patched-linux-x86_64 1.0.4 2.58 20.44 23.02 OK
r-release-linux-x86_64 1.0.4 2.12 20.09 22.21 OK
r-release-macos-arm64 1.0.4 15.00 OK
r-release-macos-x86_64 1.0.4 24.00 OK
r-release-windows-x86_64 1.0.4 4.00 38.00 42.00 OK
r-oldrel-macos-arm64 1.0.4 19.00 OK
r-oldrel-macos-x86_64 1.0.4 35.00 OK
r-oldrel-windows-x86_64 1.0.4 6.00 42.00 48.00 OK

Check Details

Version: 1.0.4
Check: CRAN incoming feasibility
Result: NOTE Maintainer: ‘Asger R. Pedersen <arpstat@outlook.dk>’ No Authors@R field in DESCRIPTION. Please add one, modifying Authors@R: person(given = c("Asger", "R."), family = "Pedersen", role = c("aut", "cre"), email = "arpstat@outlook.dk") as necessary. Flavors: r-devel-linux-x86_64-debian-clang, r-devel-linux-x86_64-debian-gcc

These binaries (installable software) and packages are in development.
They may not be fully stable and should be used with caution. We make no claims about them.