CRAN Package Check Results for Package HMR

Last updated on 2025-11-11 15:50:36 CET.

Flavor Version Tinstall Tcheck Ttotal Status Flags
r-devel-linux-x86_64-debian-clang 1.0.4 2.95 22.84 25.79 NOTE
r-devel-linux-x86_64-debian-gcc 1.0.4 2.15 17.54 19.69 NOTE
r-devel-linux-x86_64-fedora-clang 1.0.4 18.00 22.35 40.35 NOTE
r-devel-linux-x86_64-fedora-gcc 1.0.4 35.14 NOTE
r-devel-windows-x86_64 1.0.4 3.00 35.00 38.00 NOTE
r-patched-linux-x86_64 1.0.4 2.86 21.48 24.34 OK
r-release-linux-x86_64 1.0.4 2.80 21.53 24.33 OK
r-release-macos-arm64 1.0.4 1.00 14.00 15.00 OK
r-release-macos-x86_64 1.0.4 2.00 22.00 24.00 OK
r-release-windows-x86_64 1.0.4 4.00 35.00 39.00 OK
r-oldrel-macos-arm64 1.0.4 2.00 17.00 19.00 OK
r-oldrel-macos-x86_64 1.0.4 4.00 31.00 35.00 OK
r-oldrel-windows-x86_64 1.0.4 6.00 42.00 48.00 OK

Check Details

Version: 1.0.4
Check: CRAN incoming feasibility
Result: NOTE Maintainer: ‘Asger R. Pedersen <arpstat@outlook.dk>’ No Authors@R field in DESCRIPTION. Please add one, modifying Authors@R: person(given = c("Asger", "R."), family = "Pedersen", role = c("aut", "cre"), email = "arpstat@outlook.dk") as necessary. Flavors: r-devel-linux-x86_64-debian-clang, r-devel-linux-x86_64-debian-gcc

Version: 1.0.4
Check: Rd files
Result: NOTE checkRd: (-1) HMR.Rd:171: height/width attributes should be in pixels Flavors: r-devel-linux-x86_64-debian-clang, r-devel-linux-x86_64-debian-gcc, r-devel-linux-x86_64-fedora-clang, r-devel-linux-x86_64-fedora-gcc, r-devel-windows-x86_64

These binaries (installable software) and packages are in development.
They may not be fully stable and should be used with caution. We make no claims about them.