Last updated on 2025-11-14 09:50:04 CET.
| Flavor | Version | Tinstall | Tcheck | Ttotal | Status | Flags |
|---|---|---|---|---|---|---|
| r-devel-linux-x86_64-debian-clang | 0.1.0 | 7.13 | 69.98 | 77.11 | NOTE | |
| r-devel-linux-x86_64-debian-gcc | 0.1.0 | 5.52 | 51.73 | 57.25 | NOTE | |
| r-devel-linux-x86_64-fedora-clang | 0.1.0 | 36.00 | 85.49 | 121.49 | OK | |
| r-devel-linux-x86_64-fedora-gcc | 0.1.0 | 32.00 | 88.05 | 120.05 | OK | |
| r-devel-windows-x86_64 | 0.1.0 | 8.00 | 77.00 | 85.00 | NOTE | |
| r-patched-linux-x86_64 | 0.1.0 | 6.66 | 67.37 | 74.03 | OK | |
| r-release-linux-x86_64 | 0.1.0 | 7.19 | 66.26 | 73.45 | OK | |
| r-release-macos-arm64 | 0.1.0 | 3.00 | 30.00 | 33.00 | OK | |
| r-release-macos-x86_64 | 0.1.0 | 7.00 | 78.00 | 85.00 | OK | |
| r-release-windows-x86_64 | 0.1.0 | 8.00 | 77.00 | 85.00 | OK | |
| r-oldrel-macos-arm64 | 0.1.0 | 3.00 | 30.00 | 33.00 | OK | |
| r-oldrel-macos-x86_64 | 0.1.0 | 5.00 | 48.00 | 53.00 | OK | |
| r-oldrel-windows-x86_64 | 0.1.0 | 10.00 | 96.00 | 106.00 | OK |
Version: 0.1.0
Check: Rd files
Result: NOTE
checkRd: (-1) HMTL-package.Rd:12-18: Only 8 columns allowed in this table (row 4 has 3)
Flavors: r-devel-linux-x86_64-debian-clang, r-devel-linux-x86_64-debian-gcc, r-devel-windows-x86_64
These binaries (installable software) and packages are in development.
They may not be fully stable and should be used with caution. We make no claims about them.