Last updated on 2025-10-23 21:51:29 CEST.
Flavor | Version | Tinstall | Tcheck | Ttotal | Status | Flags |
---|---|---|---|---|---|---|
r-devel-linux-x86_64-debian-clang | 0.1.0 | 6.66 | 69.60 | 76.26 | OK | |
r-devel-linux-x86_64-debian-gcc | 0.1.0 | 5.50 | 51.37 | 56.87 | NOTE | |
r-devel-linux-x86_64-fedora-clang | 0.1.0 | 19.00 | 95.26 | 114.26 | OK | |
r-devel-linux-x86_64-fedora-gcc | 0.1.0 | 14.00 | 96.42 | 110.42 | OK | |
r-devel-windows-x86_64 | 0.1.0 | 8.00 | 77.00 | 85.00 | OK | |
r-patched-linux-x86_64 | 0.1.0 | 7.01 | 67.66 | 74.67 | OK | |
r-release-linux-x86_64 | 0.1.0 | 6.45 | 66.73 | 73.18 | OK | |
r-release-macos-arm64 | 0.1.0 | 3.00 | 30.00 | 33.00 | OK | |
r-release-macos-x86_64 | 0.1.0 | 7.00 | 78.00 | 85.00 | OK | |
r-release-windows-x86_64 | 0.1.0 | 8.00 | 81.00 | 89.00 | OK | |
r-oldrel-macos-arm64 | 0.1.0 | 3.00 | 30.00 | 33.00 | OK | |
r-oldrel-macos-x86_64 | 0.1.0 | 5.00 | 48.00 | 53.00 | OK | |
r-oldrel-windows-x86_64 | 0.1.0 | 11.00 | 97.00 | 108.00 | OK |
Version: 0.1.0
Check: Rd files
Result: NOTE
checkRd: (-1) HMTL-package.Rd:12-18: Only 8 columns allowed in this table (row 4 has 3)
Flavor: r-devel-linux-x86_64-debian-gcc
These binaries (installable software) and packages are in development.
They may not be fully stable and should be used with caution. We make no claims about them.