Last updated on 2025-02-23 15:49:45 CET.
Flavor | Version | Tinstall | Tcheck | Ttotal | Status | Flags |
---|---|---|---|---|---|---|
r-devel-linux-x86_64-debian-clang | 1.0-5 | 15.18 | 43.40 | 58.58 | NOTE | |
r-devel-linux-x86_64-debian-gcc | 1.0-5 | 11.15 | 31.97 | 43.12 | NOTE | |
r-devel-linux-x86_64-fedora-clang | 1.0-5 | 88.88 | OK | |||
r-devel-linux-x86_64-fedora-gcc | 1.0-5 | 85.90 | OK | |||
r-devel-macos-arm64 | 1.0-5 | 34.00 | OK | |||
r-devel-macos-x86_64 | 1.0-5 | 63.00 | OK | |||
r-devel-windows-x86_64 | 1.0-5 | 15.00 | 67.00 | 82.00 | OK | |
r-patched-linux-x86_64 | 1.0-5 | 15.05 | 39.21 | 54.26 | OK | |
r-release-linux-x86_64 | 1.0-5 | 13.77 | 39.96 | 53.73 | OK | |
r-release-macos-arm64 | 1.0-5 | 34.00 | NOTE | |||
r-release-macos-x86_64 | 1.0-5 | 48.00 | NOTE | |||
r-release-windows-x86_64 | 1.0-5 | 15.00 | 67.00 | 82.00 | NOTE | |
r-oldrel-macos-arm64 | 1.0-5 | 38.00 | NOTE | |||
r-oldrel-macos-x86_64 | 1.0-5 | 58.00 | NOTE | |||
r-oldrel-windows-x86_64 | 1.0-5 | 15.00 | 80.00 | 95.00 | NOTE |
Version: 1.0-5
Check: for unstated dependencies in ‘demo’
Result: NOTE
'library' or 'require' calls not declared from:
‘BRugs’ ‘Ecdat’ ‘LowRankQP’ ‘VGAM’ ‘e1071’ ‘fda’ ‘fda.usc’ ‘mlbench’
‘nlme’ ‘quantreg’ ‘refund’ ‘rgl’ ‘rstan’
Flavors: r-devel-linux-x86_64-debian-clang, r-devel-linux-x86_64-debian-gcc
Version: 1.0-5
Check: installed package size
Result: NOTE
installed size is 8.3Mb
sub-directories of 1Mb or more:
data 7.8Mb
Flavors: r-release-macos-arm64, r-release-macos-x86_64, r-release-windows-x86_64, r-oldrel-macos-arm64, r-oldrel-macos-x86_64, r-oldrel-windows-x86_64
These binaries (installable software) and packages are in development.
They may not be fully stable and should be used with caution. We make no claims about them.