Last updated on 2025-11-22 19:50:32 CET.
| Flavor | Version | Tinstall | Tcheck | Ttotal | Status | Flags |
|---|---|---|---|---|---|---|
| r-devel-linux-x86_64-debian-clang | 1.0-5 | 13.78 | 47.61 | 61.39 | NOTE | |
| r-devel-linux-x86_64-debian-gcc | 1.0-5 | 10.79 | 34.11 | 44.90 | NOTE | |
| r-devel-linux-x86_64-fedora-clang | 1.0-5 | 34.00 | 52.51 | 86.51 | OK | |
| r-devel-windows-x86_64 | 1.0-5 | 17.00 | 81.00 | 98.00 | OK | |
| r-patched-linux-x86_64 | 1.0-5 | 14.41 | 43.16 | 57.57 | NOTE | |
| r-release-linux-x86_64 | 1.0-5 | 14.25 | 43.64 | 57.89 | NOTE | |
| r-release-macos-arm64 | 1.0-5 | OK | ||||
| r-release-macos-x86_64 | 1.0-5 | 17.00 | 44.00 | 61.00 | OK | |
| r-release-windows-x86_64 | 1.0-5 | 15.00 | 77.00 | 92.00 | OK | |
| r-oldrel-macos-arm64 | 1.0-5 | NOTE | ||||
| r-oldrel-macos-x86_64 | 1.0-5 | 13.00 | 35.00 | 48.00 | NOTE | |
| r-oldrel-windows-x86_64 | 1.0-5 | 20.00 | 79.00 | 99.00 | NOTE |
Version: 1.0-5
Check: for unstated dependencies in ‘demo’
Result: NOTE
'library' or 'require' calls not declared from:
‘Ecdat’ ‘LowRankQP’ ‘VGAM’ ‘e1071’ ‘fda’ ‘fda.usc’ ‘mlbench’ ‘nlme’
‘quantreg’ ‘refund’ ‘rgl’ ‘rstan’
Flavors: r-devel-linux-x86_64-debian-clang, r-devel-linux-x86_64-debian-gcc, r-patched-linux-x86_64, r-release-linux-x86_64
Version: 1.0-5
Check: installed package size
Result: NOTE
installed size is 8.3Mb
sub-directories of 1Mb or more:
data 7.8Mb
Flavors: r-oldrel-macos-arm64, r-oldrel-macos-x86_64, r-oldrel-windows-x86_64
These binaries (installable software) and packages are in development.
They may not be fully stable and should be used with caution. We make no claims about them.