CRAN Package Check Results for Package HSEtest

Last updated on 2025-11-11 15:50:36 CET.

Flavor Version Tinstall Tcheck Ttotal Status Flags
r-devel-linux-x86_64-debian-clang 0.1.0 1.55 17.38 18.93 NOTE
r-devel-linux-x86_64-debian-gcc 0.1.0 1.23 14.56 15.79 NOTE
r-devel-linux-x86_64-fedora-clang 0.1.0 29.13 OK
r-devel-linux-x86_64-fedora-gcc 0.1.0 26.36 OK
r-devel-windows-x86_64 0.1.0 2.00 32.00 34.00 OK
r-patched-linux-x86_64 0.1.0 1.44 16.80 18.24 OK
r-release-linux-x86_64 0.1.0 1.45 16.76 18.21 OK
r-release-macos-arm64 0.1.0 1.00 12.00 13.00 OK
r-release-macos-x86_64 0.1.0 1.00 19.00 20.00 OK
r-release-windows-x86_64 0.1.0 2.00 31.00 33.00 OK
r-oldrel-macos-arm64 0.1.0 1.00 11.00 12.00 OK
r-oldrel-macos-x86_64 0.1.0 2.00 23.00 25.00 OK
r-oldrel-windows-x86_64 0.1.0 3.00 33.00 36.00 OK

Check Details

Version: 0.1.0
Check: CRAN incoming feasibility
Result: NOTE Maintainer: ‘Zhicheng Du<dgdzc@hotmail.com>’ No Authors@R field in DESCRIPTION. Please add one, modifying Authors@R: c(person(given = "Zhicheng", family = "Du", role = c("aut", "cre"), email = "dgdzc@hotmail.com"), person(given = "Yuantao", family = "Hao", role = "aut")) as necessary. Flavors: r-devel-linux-x86_64-debian-clang, r-devel-linux-x86_64-debian-gcc

These binaries (installable software) and packages are in development.
They may not be fully stable and should be used with caution. We make no claims about them.