CRAN Package Check Results for Package HSPOR

Last updated on 2025-07-22 19:51:50 CEST.

Flavor Version Tinstall Tcheck Ttotal Status Flags
r-devel-linux-x86_64-debian-clang 1.1.9 13.47 93.29 106.76 OK
r-devel-linux-x86_64-debian-gcc 1.1.9 9.67 65.81 75.48 OK
r-devel-linux-x86_64-fedora-clang 1.1.9 159.81 OK
r-devel-linux-x86_64-fedora-gcc 1.1.9 148.41 OK
r-devel-windows-x86_64 1.1.9 14.00 89.00 103.00 OK
r-patched-linux-x86_64 1.1.9 13.56 88.53 102.09 OK
r-release-linux-x86_64 1.1.9 12.58 87.57 100.15 OK
r-release-macos-arm64 1.1.9 46.00 OK
r-release-macos-x86_64 1.1.9 84.00 OK
r-release-windows-x86_64 1.1.9 15.00 94.00 109.00 OK
r-oldrel-macos-arm64 1.1.9 46.00 NOTE
r-oldrel-macos-x86_64 1.1.9 68.00 NOTE
r-oldrel-windows-x86_64 1.1.9 19.00 119.00 138.00 NOTE

Check Details

Version: 1.1.9
Check: LazyData
Result: NOTE 'LazyData' is specified without a 'data' directory Flavors: r-oldrel-macos-arm64, r-oldrel-macos-x86_64, r-oldrel-windows-x86_64

These binaries (installable software) and packages are in development.
They may not be fully stable and should be used with caution. We make no claims about them.