Last updated on 2025-07-21 03:50:28 CEST.
Flavor | Version | Tinstall | Tcheck | Ttotal | Status | Flags |
---|---|---|---|---|---|---|
r-devel-linux-x86_64-debian-clang | 1.2 | 20.63 | 150.49 | 171.12 | OK | |
r-devel-linux-x86_64-debian-gcc | 1.2 | 13.54 | 108.70 | 122.24 | OK | |
r-devel-linux-x86_64-fedora-clang | 1.2 | 247.46 | OK | |||
r-devel-linux-x86_64-fedora-gcc | 1.2 | 254.26 | OK | |||
r-devel-windows-x86_64 | 1.2 | 4.00 | 5.00 | 9.00 | ERROR | |
r-patched-linux-x86_64 | 1.2 | 18.19 | 140.15 | 158.34 | OK | |
r-release-linux-x86_64 | 1.2 | 15.26 | 141.77 | 157.03 | OK | |
r-release-macos-arm64 | 1.2 | 72.00 | OK | |||
r-release-macos-x86_64 | 1.2 | 268.00 | OK | |||
r-release-windows-x86_64 | 1.2 | 20.00 | 136.00 | 156.00 | OK | |
r-oldrel-macos-arm64 | 1.2 | 74.00 | OK | |||
r-oldrel-macos-x86_64 | 1.2 | 158.00 | OK | |||
r-oldrel-windows-x86_64 | 1.2 | 26.00 | 178.00 | 204.00 | OK |
Version: 1.2
Check: whether package can be installed
Result: ERROR
Installation failed.
Flavor: r-devel-windows-x86_64
These binaries (installable software) and packages are in development.
They may not be fully stable and should be used with caution. We make no claims about them.