CRAN Package Check Results for Package HTGM

Last updated on 2025-10-03 03:50:43 CEST.

Flavor Version Tinstall Tcheck Ttotal Status Flags
r-devel-linux-x86_64-debian-clang 1.2 21.64 152.97 174.61 OK
r-devel-linux-x86_64-debian-gcc 1.2 12.65 106.72 119.37 OK
r-devel-linux-x86_64-fedora-clang 1.2 247.25 OK
r-devel-linux-x86_64-fedora-gcc 1.2 254.45 OK
r-devel-windows-x86_64 1.2 4.00 5.00 9.00 ERROR
r-patched-linux-x86_64 1.2 18.41 143.56 161.97 OK
r-release-linux-x86_64 1.2 17.00 141.53 158.53 OK
r-release-macos-arm64 1.2 72.00 OK
r-release-macos-x86_64 1.2 268.00 OK
r-release-windows-x86_64 1.2 20.00 140.00 160.00 OK
r-oldrel-macos-arm64 1.2 74.00 OK
r-oldrel-macos-x86_64 1.2 158.00 OK
r-oldrel-windows-x86_64 1.2 27.00 182.00 209.00 OK

Check Details

Version: 1.2
Check: whether package can be installed
Result: ERROR Installation failed. Flavor: r-devel-windows-x86_64

These binaries (installable software) and packages are in development.
They may not be fully stable and should be used with caution. We make no claims about them.