Last updated on 2025-05-23 11:55:56 CEST.
Flavor | Version | Tinstall | Tcheck | Ttotal | Status | Flags |
---|---|---|---|---|---|---|
r-devel-linux-x86_64-debian-clang | 0.1.9 | 1.85 | 20.99 | 22.84 | NOTE | |
r-devel-linux-x86_64-debian-gcc | 0.1.9 | 1.60 | 16.93 | 18.53 | NOTE | |
r-devel-linux-x86_64-fedora-clang | 0.1.9 | 35.44 | OK | |||
r-devel-linux-x86_64-fedora-gcc | 0.1.9 | 35.69 | OK | |||
r-devel-windows-x86_64 | 0.1.9 | 3.00 | 69.00 | 72.00 | OK | |
r-patched-linux-x86_64 | 0.1.9 | 2.14 | 20.04 | 22.18 | OK | |
r-release-linux-x86_64 | 0.1.9 | 1.72 | 20.45 | 22.17 | OK | |
r-release-macos-arm64 | 0.1.9 | 16.00 | OK | |||
r-release-macos-x86_64 | 0.1.9 | 24.00 | OK | |||
r-release-windows-x86_64 | 0.1.9 | 3.00 | 75.00 | 78.00 | OK | |
r-oldrel-macos-arm64 | 0.1.9 | 15.00 | OK | |||
r-oldrel-macos-x86_64 | 0.1.9 | 22.00 | OK | |||
r-oldrel-windows-x86_64 | 0.1.9 | 3.00 | 53.00 | 56.00 | OK |
Version: 0.1.9
Check: CRAN incoming feasibility
Result: NOTE
Maintainer: ‘"Markus Loecher, Berlin School of Economics and Law (BSEL)" <markus.loecher@gmail.com>’
No Authors@R field in DESCRIPTION.
Please add one, modifying
Authors@R: c(person(given = "\"Markus",
family = "Loecher",
role = c("aut", "cre"),
email = "markus.loecher@gmail.com"),
person(given = c("Berlin", "School", "of"),
family = "Economics",
role = "aut"),
person(family = "Law\"",
role = "aut",
email = "markus.loecher@gmail.com",
comment = "BSEL"))
as necessary.
Flavors: r-devel-linux-x86_64-debian-clang, r-devel-linux-x86_64-debian-gcc
These binaries (installable software) and packages are in development.
They may not be fully stable and should be used with caution. We make no claims about them.