Last updated on 2025-10-23 17:50:50 CEST.
Flavor | Version | Tinstall | Tcheck | Ttotal | Status | Flags |
---|---|---|---|---|---|---|
r-devel-linux-x86_64-debian-clang | 2.0.11 | 4.26 | 48.01 | 52.27 | NOTE | |
r-devel-linux-x86_64-debian-gcc | 2.0.11 | 3.60 | 34.91 | 38.51 | NOTE | |
r-devel-linux-x86_64-fedora-clang | 2.0.11 | 28.00 | 59.19 | 87.19 | OK | |
r-devel-linux-x86_64-fedora-gcc | 2.0.11 | 41.00 | 59.53 | 100.53 | OK | |
r-devel-windows-x86_64 | 2.0.11 | 7.00 | 67.00 | 74.00 | OK | |
r-patched-linux-x86_64 | 2.0.11 | 6.31 | 46.15 | 52.46 | OK | |
r-release-linux-x86_64 | 2.0.11 | 5.58 | 45.53 | 51.11 | OK | |
r-release-macos-arm64 | 2.0.11 | 2.00 | 34.00 | 36.00 | OK | |
r-release-macos-x86_64 | 2.0.11 | 4.00 | 49.00 | 53.00 | OK | |
r-release-windows-x86_64 | 2.0.11 | 7.00 | 70.00 | 77.00 | OK | |
r-oldrel-macos-arm64 | 2.0.11 | 3.00 | 25.00 | 28.00 | OK | |
r-oldrel-macos-x86_64 | 2.0.11 | 4.00 | 48.00 | 52.00 | OK | |
r-oldrel-windows-x86_64 | 2.0.11 | 5.00 | 80.00 | 85.00 | OK |
Version: 2.0.11
Check: CRAN incoming feasibility
Result: NOTE
Maintainer: ‘Andrea Rau <andrea.rau@jouy.inra.fr>’
No Authors@R field in DESCRIPTION.
Please add one, modifying
Authors@R: c(person(given = "Andrea",
family = "Rau",
role = c("aut", "cre"),
email = "andrea.rau@jouy.inra.fr"),
person(given = "Gilles",
family = "Celeux",
role = "aut"),
person(given = "Marie-Laure",
family = "Martin-Magniette",
role = "aut"),
person(given = c("Cathy", "Maugis-"),
family = "Rabusseau",
role = "aut"))
as necessary.
Flavors: r-devel-linux-x86_64-debian-clang, r-devel-linux-x86_64-debian-gcc
These binaries (installable software) and packages are in development.
They may not be fully stable and should be used with caution. We make no claims about them.