Last updated on 2025-10-23 23:49:31 CEST.
| Flavor | Version | Tinstall | Tcheck | Ttotal | Status | Flags |
|---|---|---|---|---|---|---|
| r-devel-linux-x86_64-debian-clang | 1.0.0 | 4.21 | 32.86 | 37.07 | OK | |
| r-devel-linux-x86_64-debian-gcc | 1.0.0 | 2.44 | 24.75 | 27.19 | OK | |
| r-devel-linux-x86_64-fedora-clang | 1.0.0 | 11.00 | 41.45 | 52.45 | OK | |
| r-devel-linux-x86_64-fedora-gcc | 1.0.0 | 48.01 | OK | |||
| r-devel-windows-x86_64 | 1.0.0 | 5.00 | 58.00 | 63.00 | OK | |
| r-patched-linux-x86_64 | 1.0.0 | 4.76 | 30.82 | 35.58 | OK | |
| r-release-linux-x86_64 | 1.0.0 | 3.81 | 30.74 | 34.55 | OK | |
| r-release-macos-arm64 | 1.0.0 | 1.00 | 17.00 | 18.00 | OK | |
| r-release-macos-x86_64 | 1.0.0 | 3.00 | 31.00 | 34.00 | OK | |
| r-release-windows-x86_64 | 1.0.0 | 5.00 | 62.00 | 67.00 | OK | |
| r-oldrel-macos-arm64 | 1.0.0 | 2.00 | 15.00 | 17.00 | NOTE | |
| r-oldrel-macos-x86_64 | 1.0.0 | 3.00 | 26.00 | 29.00 | NOTE | |
| r-oldrel-windows-x86_64 | 1.0.0 | 7.00 | 67.00 | 74.00 | NOTE |
Version: 1.0.0
Check: LazyData
Result: NOTE
'LazyData' is specified without a 'data' directory
Flavors: r-oldrel-macos-arm64, r-oldrel-macos-x86_64, r-oldrel-windows-x86_64
These binaries (installable software) and packages are in development.
They may not be fully stable and should be used with caution. We make no claims about them.