Last updated on 2025-02-16 10:50:48 CET.
Flavor | Version | Tinstall | Tcheck | Ttotal | Status | Flags |
---|---|---|---|---|---|---|
r-devel-linux-x86_64-debian-clang | 7.3.2 | 23.86 | 369.91 | 393.77 | OK | |
r-devel-linux-x86_64-debian-gcc | 7.3.2 | 13.72 | 242.51 | 256.23 | OK | |
r-devel-linux-x86_64-fedora-clang | 7.3.2 | 665.52 | OK | |||
r-devel-linux-x86_64-fedora-gcc | 7.3.2 | 627.71 | OK | |||
r-devel-macos-arm64 | 7.3.2 | 164.00 | OK | |||
r-devel-macos-x86_64 | 7.3.2 | 338.00 | OK | |||
r-devel-windows-x86_64 | 7.3.2 | 25.00 | 405.00 | 430.00 | OK | |
r-patched-linux-x86_64 | 7.3.2 | 22.31 | 348.10 | 370.41 | OK | |
r-release-linux-x86_64 | 7.3.2 | 19.04 | 350.42 | 369.46 | OK | |
r-release-macos-arm64 | 7.3.2 | 176.00 | NOTE | |||
r-release-macos-x86_64 | 7.3.2 | 529.00 | NOTE | |||
r-release-windows-x86_64 | 7.3.2 | 26.00 | 418.00 | 444.00 | OK | |
r-oldrel-macos-arm64 | 7.3.2 | 228.00 | NOTE | |||
r-oldrel-macos-x86_64 | 7.3.2 | 512.00 | NOTE | |||
r-oldrel-windows-x86_64 | 7.3.2 | 36.00 | 476.00 | 512.00 | OK |
Version: 7.3.2
Check: package dependencies
Result: NOTE
Package suggested but not available for checking: ‘Rmpi’
Flavors: r-release-macos-arm64, r-release-macos-x86_64, r-oldrel-macos-arm64, r-oldrel-macos-x86_64
These binaries (installable software) and packages are in development.
They may not be fully stable and should be used with caution. We make no claims about them.