Last updated on 2025-02-16 10:50:48 CET.
Flavor | Version | Tinstall | Tcheck | Ttotal | Status | Flags |
---|---|---|---|---|---|---|
r-devel-linux-x86_64-debian-clang | 1.4 | 3.19 | 25.15 | 28.34 | OK | |
r-devel-linux-x86_64-debian-gcc | 1.4 | 2.25 | 19.49 | 21.74 | OK | |
r-devel-linux-x86_64-fedora-clang | 1.4 | 48.48 | OK | |||
r-devel-linux-x86_64-fedora-gcc | 1.4 | 43.22 | OK | |||
r-devel-macos-arm64 | 1.4 | 20.00 | OK | |||
r-devel-macos-x86_64 | 1.4 | 29.00 | OK | |||
r-devel-windows-x86_64 | 1.4 | 4.00 | 43.00 | 47.00 | OK | |
r-patched-linux-x86_64 | 1.4 | 2.67 | 24.11 | 26.78 | NOTE | |
r-release-linux-x86_64 | 1.4 | 2.95 | 24.11 | 27.06 | NOTE | |
r-release-macos-arm64 | 1.4 | 18.00 | NOTE | |||
r-release-macos-x86_64 | 1.4 | 26.00 | NOTE | |||
r-release-windows-x86_64 | 1.4 | 4.00 | 46.00 | 50.00 | NOTE | |
r-oldrel-macos-arm64 | 1.4 | 20.00 | NOTE | |||
r-oldrel-macos-x86_64 | 1.4 | 26.00 | NOTE | |||
r-oldrel-windows-x86_64 | 1.4 | 6.00 | 46.00 | 52.00 | NOTE |
Version: 1.4
Check: LazyData
Result: NOTE
'LazyData' is specified without a 'data' directory
Flavors: r-patched-linux-x86_64, r-release-linux-x86_64, r-release-macos-arm64, r-release-macos-x86_64, r-release-windows-x86_64, r-oldrel-macos-arm64, r-oldrel-macos-x86_64, r-oldrel-windows-x86_64
These binaries (installable software) and packages are in development.
They may not be fully stable and should be used with caution. We make no claims about them.