Last updated on 2025-10-03 05:53:34 CEST.
Flavor | Version | Tinstall | Tcheck | Ttotal | Status | Flags |
---|---|---|---|---|---|---|
r-devel-linux-x86_64-debian-clang | 0.1.38 | 51.86 | 364.33 | 416.19 | OK | |
r-devel-linux-x86_64-debian-gcc | 0.1.38 | 35.20 | 255.90 | 291.10 | OK | |
r-devel-linux-x86_64-fedora-clang | 0.1.38 | 655.26 | NOTE | |||
r-devel-linux-x86_64-fedora-gcc | 0.1.38 | 733.52 | NOTE | |||
r-devel-windows-x86_64 | 0.1.38 | 57.00 | 324.00 | 381.00 | OK | |
r-patched-linux-x86_64 | 0.1.38 | 48.42 | 352.64 | 401.06 | OK | |
r-release-linux-x86_64 | 0.1.38 | 48.84 | 347.11 | 395.95 | OK | |
r-release-macos-arm64 | 0.1.38 | 5.00 | ERROR | |||
r-release-macos-x86_64 | 0.1.38 | 6.00 | ERROR | |||
r-release-windows-x86_64 | 0.1.38 | 54.00 | 326.00 | 380.00 | OK | |
r-oldrel-macos-arm64 | 0.1.38 | 10.00 | ERROR | |||
r-oldrel-macos-x86_64 | 0.1.38 | 12.00 | ERROR | |||
r-oldrel-windows-x86_64 | 0.1.38 | 69.00 | 434.00 | 503.00 | OK |
Version: 0.1.38
Check: dependencies in R code
Result: NOTE
Namespaces in Imports field not imported from:
‘BiocGenerics’ ‘TxDb.Hsapiens.UCSC.hg38.knownGene’
‘TxDb.Mmusculus.UCSC.mm10.knownGene’ ‘biomaRt’ ‘ggraph’
‘org.Hs.eg.db’ ‘org.Mm.eg.db’
All declared Imports should be used.
Flavors: r-devel-linux-x86_64-fedora-clang, r-devel-linux-x86_64-fedora-gcc
Version: 0.1.38
Check: package dependencies
Result: ERROR
Packages required but not available:
'TxDb.Hsapiens.UCSC.hg38.knownGene',
'TxDb.Mmusculus.UCSC.mm10.knownGene', 'org.Mm.eg.db', 'org.Hs.eg.db'
See section ‘The DESCRIPTION file’ in the ‘Writing R Extensions’
manual.
Flavor: r-release-macos-arm64
Version: 0.1.38
Check: package dependencies
Result: ERROR
Packages required but not available:
'TxDb.Hsapiens.UCSC.hg38.knownGene',
'TxDb.Mmusculus.UCSC.mm10.knownGene', 'org.Mm.eg.db'
See section ‘The DESCRIPTION file’ in the ‘Writing R Extensions’
manual.
Flavors: r-release-macos-x86_64, r-oldrel-macos-arm64
Version: 0.1.38
Check: package dependencies
Result: ERROR
Packages required but not available:
'TxDb.Hsapiens.UCSC.hg38.knownGene',
'TxDb.Mmusculus.UCSC.mm10.knownGene'
See section ‘The DESCRIPTION file’ in the ‘Writing R Extensions’
manual.
Flavor: r-oldrel-macos-x86_64
These binaries (installable software) and packages are in development.
They may not be fully stable and should be used with caution. We make no claims about them.