CRAN Package Check Results for Package HiCocietyExample

Last updated on 2025-10-23 17:50:50 CEST.

Flavor Version Tinstall Tcheck Ttotal Status Flags
r-devel-linux-x86_64-debian-clang 1.0.0 1.47 18.16 19.63 OK
r-devel-linux-x86_64-debian-gcc 1.0.0 1.39 15.73 17.12 OK
r-devel-linux-x86_64-fedora-clang 1.0.0 27.95 OK
r-devel-linux-x86_64-fedora-gcc 1.0.0 26.97 OK
r-devel-windows-x86_64 1.0.0 3.00 34.00 37.00 OK
r-patched-linux-x86_64 1.0.0 1.73 17.30 19.03 OK
r-release-linux-x86_64 1.0.0 1.60 17.24 18.84 OK
r-release-macos-arm64 1.0.0 1.00 10.00 11.00 OK
r-release-macos-x86_64 1.0.0 2.00 22.00 24.00 OK
r-release-windows-x86_64 1.0.0 4.00 36.00 40.00 OK
r-oldrel-macos-arm64 1.0.0 1.00 17.00 18.00 NOTE
r-oldrel-macos-x86_64 1.0.0 1.00 27.00 28.00 NOTE
r-oldrel-windows-x86_64 1.0.0 5.00 35.00 40.00 NOTE

Check Details

Version: 1.0.0
Check: installed package size
Result: NOTE installed size is 7.7Mb sub-directories of 1Mb or more: extdata 7.6Mb Flavors: r-oldrel-macos-arm64, r-oldrel-macos-x86_64, r-oldrel-windows-x86_64

These binaries (installable software) and packages are in development.
They may not be fully stable and should be used with caution. We make no claims about them.