CRAN Package Check Results for Package HistDAWass

Last updated on 2025-07-03 03:49:43 CEST.

Flavor Version Tinstall Tcheck Ttotal Status Flags
r-devel-linux-x86_64-debian-clang 1.0.8 62.04 136.69 198.73 OK
r-devel-linux-x86_64-debian-gcc 1.0.8 35.83 90.36 126.19 OK
r-devel-linux-x86_64-fedora-clang 1.0.8 305.11 OK
r-devel-linux-x86_64-fedora-gcc 1.0.8 282.60 OK
r-devel-windows-x86_64 1.0.8 60.00 162.00 222.00 OK
r-patched-linux-x86_64 1.0.8 54.99 122.85 177.84 OK
r-release-linux-x86_64 1.0.8 52.26 122.90 175.16 OK
r-release-macos-arm64 1.0.8 77.00 OK
r-release-macos-x86_64 1.0.8 139.00 OK
r-release-windows-x86_64 1.0.8 61.00 172.00 233.00 OK
r-oldrel-macos-arm64 1.0.8 72.00 NOTE
r-oldrel-macos-x86_64 1.0.8 108.00 NOTE
r-oldrel-windows-x86_64 1.0.8 74.00 208.00 282.00 OK

Check Details

Version: 1.0.8
Check: installed package size
Result: NOTE installed size is 6.9Mb sub-directories of 1Mb or more: data 1.0Mb libs 4.9Mb Flavors: r-oldrel-macos-arm64, r-oldrel-macos-x86_64

These binaries (installable software) and packages are in development.
They may not be fully stable and should be used with caution. We make no claims about them.