Last updated on 2025-05-01 10:50:12 CEST.
Flavor | Version | Tinstall | Tcheck | Ttotal | Status | Flags |
---|---|---|---|---|---|---|
r-devel-linux-x86_64-debian-clang | 1.0.8 | 60.68 | 132.18 | 192.86 | OK | |
r-devel-linux-x86_64-debian-gcc | 1.0.8 | 38.06 | 90.99 | 129.05 | OK | |
r-devel-linux-x86_64-fedora-clang | 1.0.8 | 296.58 | OK | |||
r-devel-linux-x86_64-fedora-gcc | 1.0.8 | 280.76 | OK | |||
r-devel-windows-x86_64 | 1.0.8 | 57.00 | 168.00 | 225.00 | OK | |
r-patched-linux-x86_64 | 1.0.8 | 56.40 | 123.20 | 179.60 | OK | |
r-release-linux-x86_64 | OK | |||||
r-release-macos-arm64 | 1.0.8 | 77.00 | OK | |||
r-release-macos-x86_64 | 1.0.8 | 139.00 | OK | |||
r-release-windows-x86_64 | 1.0.8 | 61.00 | 166.00 | 227.00 | OK | |
r-oldrel-macos-arm64 | 1.0.8 | 72.00 | NOTE | |||
r-oldrel-macos-x86_64 | 1.0.8 | 108.00 | NOTE | |||
r-oldrel-windows-x86_64 | 1.0.8 | 72.00 | 218.00 | 290.00 | OK |
Version: 1.0.8
Check: installed package size
Result: NOTE
installed size is 6.9Mb
sub-directories of 1Mb or more:
data 1.0Mb
libs 4.9Mb
Flavors: r-oldrel-macos-arm64, r-oldrel-macos-x86_64
These binaries (installable software) and packages are in development.
They may not be fully stable and should be used with caution. We make no claims about them.