CRAN Package Check Results for Package HistDat

Last updated on 2025-05-03 22:49:55 CEST.

Flavor Version Tinstall Tcheck Ttotal Status Flags
r-devel-linux-x86_64-debian-clang 0.2.0 2.32 27.68 30.00 NOTE
r-devel-linux-x86_64-debian-gcc 0.2.0 1.68 22.35 24.03 NOTE
r-devel-linux-x86_64-fedora-clang 0.2.0 48.47 OK
r-devel-linux-x86_64-fedora-gcc 0.2.0 59.65 OK
r-devel-windows-x86_64 0.2.0 3.00 53.00 56.00 OK
r-patched-linux-x86_64 0.2.0 2.73 26.86 29.59 OK
r-release-linux-x86_64 OK
r-release-macos-arm64 0.2.0 24.00 OK
r-release-macos-x86_64 0.2.0 40.00 OK
r-release-windows-x86_64 0.2.0 4.00 52.00 56.00 OK
r-oldrel-macos-arm64 0.2.0 23.00 OK
r-oldrel-macos-x86_64 0.2.0 35.00 OK
r-oldrel-windows-x86_64 0.2.0 5.00 58.00 63.00 OK

Check Details

Version: 0.2.0
Check: CRAN incoming feasibility
Result: NOTE Maintainer: ‘Michael Milton <michael.r.milton@gmail.com>’ No Authors@R field in DESCRIPTION. Please add one, modifying Authors@R: person(given = "Michael", family = "Milton", role = c("aut", "cre"), email = "michael.r.milton@gmail.com") as necessary. Flavors: r-devel-linux-x86_64-debian-clang, r-devel-linux-x86_64-debian-gcc

These binaries (installable software) and packages are in development.
They may not be fully stable and should be used with caution. We make no claims about them.