Last updated on 2025-05-01 10:50:12 CEST.
Flavor | Version | Tinstall | Tcheck | Ttotal | Status | Flags |
---|---|---|---|---|---|---|
r-devel-linux-x86_64-debian-clang | 5.2-3 | 58.46 | 316.53 | 374.99 | NOTE | |
r-devel-linux-x86_64-debian-gcc | 5.2-3 | 33.88 | 199.12 | 233.00 | NOTE | |
r-devel-linux-x86_64-fedora-clang | 5.2-3 | 634.99 | NOTE | |||
r-devel-linux-x86_64-fedora-gcc | 5.2-3 | 532.01 | NOTE | |||
r-devel-windows-x86_64 | 5.2-3 | 65.00 | 360.00 | 425.00 | NOTE | |
r-patched-linux-x86_64 | 5.2-3 | 64.55 | 296.83 | 361.38 | NOTE | |
r-release-linux-x86_64 | NOTE | |||||
r-release-macos-arm64 | 5.2-3 | 147.00 | NOTE | |||
r-release-macos-x86_64 | 5.2-3 | 292.00 | NOTE | |||
r-release-windows-x86_64 | 5.2-3 | 69.00 | 359.00 | 428.00 | NOTE | |
r-oldrel-macos-arm64 | 5.2-3 | 118.00 | NOTE | |||
r-oldrel-macos-x86_64 | 5.2-3 | 281.00 | NOTE | |||
r-oldrel-windows-x86_64 | 5.2-3 | 80.00 | 461.00 | 541.00 | NOTE |
Version: 5.2-3
Check: R code for possible problems
Result: NOTE
Fdebug: multiple local function definitions for ‘deb’ with different
formal arguments
html_describe_con: multiple local function definitions for ‘g’ with
different formal arguments
Flavors: r-devel-linux-x86_64-debian-clang, r-devel-linux-x86_64-debian-gcc, r-devel-linux-x86_64-fedora-clang, r-devel-linux-x86_64-fedora-gcc, r-devel-windows-x86_64, r-patched-linux-x86_64, r-release-linux-x86_64, r-release-macos-arm64, r-release-macos-x86_64, r-release-windows-x86_64, r-oldrel-macos-arm64, r-oldrel-macos-x86_64, r-oldrel-windows-x86_64
Version: 5.2-3
Check: examples
Result: NOTE
Examples with CPU (user + system) or elapsed time > 5s
user system elapsed
estSeqSim 16.198 0.099 22.485
xYplot 3.424 0.013 5.053
Flavor: r-devel-linux-x86_64-debian-clang
Version: 5.2-3
Check: examples
Result: NA
user system elapsed
estSeqSim 9.879 0.146 11.214
OK
Flavor: r-devel-linux-x86_64-debian-gcc
These binaries (installable software) and packages are in development.
They may not be fully stable and should be used with caution. We make no claims about them.