Last updated on 2024-07-27 15:50:20 CEST.
Flavor | Version | Tinstall | Tcheck | Ttotal | Status | Flags |
---|---|---|---|---|---|---|
r-devel-linux-x86_64-debian-clang | 5.1-3 | 65.63 | 380.66 | 446.29 | NOTE | |
r-devel-linux-x86_64-debian-gcc | 5.1-3 | NOTE | ||||
r-devel-linux-x86_64-fedora-clang | 5.1-3 | 540.90 | NOTE | |||
r-devel-linux-x86_64-fedora-gcc | 5.1-3 | 532.74 | NOTE | |||
r-devel-windows-x86_64 | 5.1-3 | 65.00 | 322.00 | 387.00 | NOTE | |
r-patched-linux-x86_64 | 5.1-3 | NOTE | ||||
r-release-linux-x86_64 | 5.1-3 | 38.92 | 365.98 | 404.90 | NOTE | |
r-release-macos-arm64 | 5.1-3 | 127.00 | NOTE | |||
r-release-macos-x86_64 | 5.1-3 | 285.00 | NOTE | |||
r-release-windows-x86_64 | 5.1-3 | 58.00 | 329.00 | 387.00 | NOTE | |
r-oldrel-macos-arm64 | 5.1-3 | 124.00 | NOTE | |||
r-oldrel-macos-x86_64 | 5.1-3 | 263.00 | NOTE | |||
r-oldrel-windows-x86_64 | 5.1-3 | 78.00 | 438.00 | 516.00 | NOTE |
Version: 5.1-3
Check: R code for possible problems
Result: NOTE
html_describe_con: multiple local function definitions for āgā with
different formal arguments
Flavors: r-devel-linux-x86_64-debian-clang, r-devel-linux-x86_64-debian-gcc, r-devel-linux-x86_64-fedora-clang, r-devel-linux-x86_64-fedora-gcc, r-devel-windows-x86_64, r-patched-linux-x86_64, r-release-linux-x86_64, r-release-macos-arm64, r-release-macos-x86_64, r-release-windows-x86_64, r-oldrel-macos-arm64, r-oldrel-macos-x86_64, r-oldrel-windows-x86_64
Version: 5.1-3
Check: Rd cross-references
Result: NOTE
Found the following Rd file(s) with Rd \link{} targets missing package
anchors:
popower.Rd: ggplot2
transcan.Rd: multinom
Please provide package anchors for all Rd \link{} targets not in the
package itself and the base packages.
Flavors: r-devel-linux-x86_64-debian-gcc, r-devel-windows-x86_64
These binaries (installable software) and packages are in development.
They may not be fully stable and should be used with caution. We make no claims about them.