Last updated on 2025-02-16 10:50:48 CET.
Flavor | Version | Tinstall | Tcheck | Ttotal | Status | Flags |
---|---|---|---|---|---|---|
r-devel-linux-x86_64-debian-clang | 1.1.1 | 9.14 | 65.66 | 74.80 | OK | |
r-devel-linux-x86_64-debian-gcc | 1.1.1 | 6.28 | 45.81 | 52.09 | OK | |
r-devel-linux-x86_64-fedora-clang | 1.1.1 | 121.15 | NOTE | |||
r-devel-linux-x86_64-fedora-gcc | 1.1.1 | 119.98 | NOTE | |||
r-devel-macos-arm64 | 1.1.1 | 47.00 | OK | |||
r-devel-macos-x86_64 | 1.1.1 | 80.00 | OK | |||
r-devel-windows-x86_64 | 1.1.1 | 12.00 | 74.00 | 86.00 | OK | |
r-patched-linux-x86_64 | 1.1.1 | 8.83 | 58.50 | 67.33 | OK | |
r-release-linux-x86_64 | 1.1.1 | 9.35 | 58.79 | 68.14 | OK | |
r-release-macos-arm64 | 1.1.1 | 41.00 | NOTE | |||
r-release-macos-x86_64 | 1.1.1 | 105.00 | NOTE | |||
r-release-windows-x86_64 | 1.1.1 | 11.00 | 75.00 | 86.00 | NOTE | |
r-oldrel-macos-arm64 | 1.1.1 | 49.00 | NOTE | |||
r-oldrel-macos-x86_64 | 1.1.1 | 88.00 | NOTE | |||
r-oldrel-windows-x86_64 | 1.1.1 | 15.00 | 87.00 | 102.00 | NOTE |
Version: 1.1.1
Check: dependencies in R code
Result: NOTE
Namespaces in Imports field not imported from:
‘RSpectra’ ‘ggrepel’ ‘markdown’ ‘matrixStats’ ‘reshape2’ ‘tidyr’
‘uuid’
All declared Imports should be used.
Flavors: r-devel-linux-x86_64-fedora-clang, r-devel-linux-x86_64-fedora-gcc
Version: 1.1.1
Check: installed package size
Result: NOTE
installed size is 5.2Mb
sub-directories of 1Mb or more:
app 1.7Mb
doc 3.3Mb
Flavors: r-release-macos-arm64, r-release-macos-x86_64, r-release-windows-x86_64, r-oldrel-macos-arm64, r-oldrel-macos-x86_64, r-oldrel-windows-x86_64
These binaries (installable software) and packages are in development.
They may not be fully stable and should be used with caution. We make no claims about them.