Last updated on 2025-10-23 11:50:16 CEST.
Flavor | Version | Tinstall | Tcheck | Ttotal | Status | Flags |
---|---|---|---|---|---|---|
r-devel-linux-x86_64-debian-clang | 1.2.0 | 10.38 | 72.80 | 83.18 | OK | |
r-devel-linux-x86_64-debian-gcc | 1.2.0 | 6.35 | 49.51 | 55.86 | OK | |
r-devel-linux-x86_64-fedora-clang | 1.2.0 | 42.00 | 88.02 | 130.02 | OK | |
r-devel-linux-x86_64-fedora-gcc | 1.2.0 | 19.00 | 107.95 | 126.95 | OK | |
r-devel-windows-x86_64 | 1.2.0 | 12.00 | 79.00 | 91.00 | OK | |
r-patched-linux-x86_64 | 1.2.0 | 10.30 | 65.43 | 75.73 | OK | |
r-release-linux-x86_64 | 1.2.0 | 8.50 | 65.55 | 74.05 | OK | |
r-release-macos-arm64 | 1.2.0 | 4.00 | 36.00 | 40.00 | OK | |
r-release-macos-x86_64 | 1.2.0 | 9.00 | 80.00 | 89.00 | OK | |
r-release-windows-x86_64 | 1.2.0 | 14.00 | 75.00 | 89.00 | OK | |
r-oldrel-macos-arm64 | 1.2.0 | 4.00 | 42.00 | 46.00 | NOTE | |
r-oldrel-macos-x86_64 | 1.2.0 | 9.00 | 82.00 | 91.00 | NOTE | |
r-oldrel-windows-x86_64 | 1.2.0 | 16.00 | 91.00 | 107.00 | NOTE |
Version: 1.2.0
Check: installed package size
Result: NOTE
installed size is 5.2Mb
sub-directories of 1Mb or more:
app 1.7Mb
doc 3.2Mb
Flavors: r-oldrel-macos-arm64, r-oldrel-macos-x86_64, r-oldrel-windows-x86_64
These binaries (installable software) and packages are in development.
They may not be fully stable and should be used with caution. We make no claims about them.