CRAN Package Check Results for Package HotellingEllipse

Last updated on 2025-07-19 21:49:38 CEST.

Flavor Version Tinstall Tcheck Ttotal Status Flags
r-devel-linux-x86_64-debian-clang 1.2.0 8.72 103.47 112.19 OK
r-devel-linux-x86_64-debian-gcc 1.2.0 7.03 77.86 84.89 OK
r-devel-linux-x86_64-fedora-clang 1.2.0 164.86 OK
r-devel-linux-x86_64-fedora-gcc 1.2.0 202.48 OK
r-devel-windows-x86_64 1.2.0 13.00 109.00 122.00 OK
r-patched-linux-x86_64 1.2.0 7.42 95.69 103.11 OK
r-release-linux-x86_64 1.2.0 8.60 95.86 104.46 OK
r-release-macos-arm64 1.2.0 58.00 OK
r-release-macos-x86_64 1.2.0 104.00 OK
r-release-windows-x86_64 1.2.0 13.00 107.00 120.00 OK
r-oldrel-macos-arm64 1.2.0 61.00 OK
r-oldrel-macos-x86_64 1.2.0 164.00 NOTE
r-oldrel-windows-x86_64 1.2.0 16.00 136.00 152.00 OK

Check Details

Version: 1.2.0
Check: installed package size
Result: NOTE installed size is 5.7Mb sub-directories of 1Mb or more: data 3.1Mb help 2.0Mb Flavor: r-oldrel-macos-x86_64

These binaries (installable software) and packages are in development.
They may not be fully stable and should be used with caution. We make no claims about them.