Last updated on 2025-10-03 17:48:36 CEST.
Flavor | Version | Tinstall | Tcheck | Ttotal | Status | Flags |
---|---|---|---|---|---|---|
r-devel-linux-x86_64-debian-clang | 1.1.3 | 4.58 | 65.26 | 69.84 | OK | |
r-devel-linux-x86_64-debian-gcc | 1.1.3 | 3.16 | 48.13 | 51.29 | OK | |
r-devel-linux-x86_64-fedora-clang | 1.1.3 | 102.55 | OK | |||
r-devel-linux-x86_64-fedora-gcc | 1.1.3 | 121.62 | OK | |||
r-devel-windows-x86_64 | 1.1.3 | 9.00 | 92.00 | 101.00 | OK | |
r-patched-linux-x86_64 | 1.1.3 | 5.27 | 62.21 | 67.48 | OK | |
r-release-linux-x86_64 | 1.1.3 | 4.73 | 62.53 | 67.26 | OK | |
r-release-macos-arm64 | 1.1.3 | 58.00 | OK | |||
r-release-macos-x86_64 | 1.1.3 | 80.00 | OK | |||
r-release-windows-x86_64 | 1.1.3 | 7.00 | 90.00 | 97.00 | OK | |
r-oldrel-macos-arm64 | 1.1.3 | 45.00 | NOTE | |||
r-oldrel-macos-x86_64 | 1.1.3 | 101.00 | NOTE | |||
r-oldrel-windows-x86_64 | 1.1.3 | 11.00 | 107.00 | 118.00 | NOTE |
Version: 1.1.3
Check: installed package size
Result: NOTE
installed size is 7.4Mb
sub-directories of 1Mb or more:
extdata 5.7Mb
Flavors: r-oldrel-macos-arm64, r-oldrel-macos-x86_64, r-oldrel-windows-x86_64
These binaries (installable software) and packages are in development.
They may not be fully stable and should be used with caution. We make no claims about them.