Last updated on 2025-02-16 10:50:48 CET.
Flavor | Version | Tinstall | Tcheck | Ttotal | Status | Flags |
---|---|---|---|---|---|---|
r-devel-linux-x86_64-debian-clang | 1.1.3 | 4.93 | 62.87 | 67.80 | OK | |
r-devel-linux-x86_64-debian-gcc | 1.1.3 | 3.59 | 44.51 | 48.10 | OK | |
r-devel-linux-x86_64-fedora-clang | 1.1.3 | 113.46 | OK | |||
r-devel-linux-x86_64-fedora-gcc | 1.1.3 | 115.54 | OK | |||
r-devel-macos-arm64 | 1.1.3 | 42.00 | OK | |||
r-devel-macos-x86_64 | 1.1.3 | 90.00 | OK | |||
r-devel-windows-x86_64 | 1.1.3 | 8.00 | 88.00 | 96.00 | OK | |
r-patched-linux-x86_64 | 1.1.3 | 5.48 | 58.02 | 63.50 | OK | |
r-release-linux-x86_64 | 1.1.3 | 4.31 | 58.44 | 62.75 | OK | |
r-release-macos-arm64 | 1.1.3 | 45.00 | NOTE | |||
r-release-macos-x86_64 | 1.1.3 | 101.00 | NOTE | |||
r-release-windows-x86_64 | 1.1.3 | 7.00 | 90.00 | 97.00 | NOTE | |
r-oldrel-macos-arm64 | 1.1.3 | 41.00 | NOTE | |||
r-oldrel-macos-x86_64 | 1.1.3 | 66.00 | NOTE | |||
r-oldrel-windows-x86_64 | 1.1.3 | 9.00 | 99.00 | 108.00 | NOTE |
Version: 1.1.3
Check: installed package size
Result: NOTE
installed size is 7.4Mb
sub-directories of 1Mb or more:
extdata 5.7Mb
Flavors: r-release-macos-arm64, r-release-macos-x86_64, r-release-windows-x86_64, r-oldrel-macos-arm64, r-oldrel-macos-x86_64, r-oldrel-windows-x86_64
These binaries (installable software) and packages are in development.
They may not be fully stable and should be used with caution. We make no claims about them.