CRAN Package Check Results for Package HyRiM

Last updated on 2025-05-23 11:55:56 CEST.

Flavor Version Tinstall Tcheck Ttotal Status Flags
r-devel-linux-x86_64-debian-clang 2.0.2 5.88 48.95 54.83 NOTE
r-devel-linux-x86_64-debian-gcc 2.0.2 4.25 36.98 41.23 NOTE
r-devel-linux-x86_64-fedora-clang 2.0.2 84.74 OK
r-devel-linux-x86_64-fedora-gcc 2.0.2 92.96 OK
r-devel-windows-x86_64 2.0.2 7.00 82.00 89.00 OK
r-patched-linux-x86_64 2.0.2 5.76 46.73 52.49 OK
r-release-linux-x86_64 2.0.2 5.60 46.90 52.50 OK
r-release-macos-arm64 2.0.2 39.00 OK
r-release-macos-x86_64 2.0.2 64.00 OK
r-release-windows-x86_64 2.0.2 7.00 80.00 87.00 OK
r-oldrel-macos-arm64 2.0.2 33.00 OK
r-oldrel-macos-x86_64 2.0.2 45.00 OK
r-oldrel-windows-x86_64 2.0.2 10.00 88.00 98.00 OK

Check Details

Version: 2.0.2
Check: CRAN incoming feasibility
Result: NOTE Maintainer: ‘"Stefan Rass, on behalf of the Austrian Institute of Technology" <stefan.rass@jku.at>’ No Authors@R field in DESCRIPTION. Please add one, modifying Authors@R: c(person(given = "Stefan", family = "Rass", role = "aut"), person(given = "Sandra", family = "Koenig", role = "aut"), person(given = "Ali", family = "Alshawish", role = "aut"), person(given = "\"Stefan", family = "Rass", role = "cre"), person(given = c("on", "behalf", "of", "the", "Austrian", "Institute", "of"), family = "Technology\"", role = "cre", email = "stefan.rass@jku.at")) as necessary. Flavors: r-devel-linux-x86_64-debian-clang, r-devel-linux-x86_64-debian-gcc

These binaries (installable software) and packages are in development.
They may not be fully stable and should be used with caution. We make no claims about them.